
--
-- Table structure for table `role_user`
--

CREATE TABLE `role_user` (
  `user_id` bigint unsigned NOT NULL,
  `role_id` bigint unsigned NOT NULL,
  KEY `user_id_fk_8290497` (`user_id`),
  KEY `role_id_fk_8290497` (`role_id`),
  CONSTRAINT `role_id_fk_8290497` FOREIGN KEY (`role_id`) REFERENCES `roles` (`id`) ON DELETE CASCADE,
  CONSTRAINT `user_id_fk_8290497` FOREIGN KEY (`user_id`) REFERENCES `users` (`id`) ON DELETE CASCADE
) ENGINE=InnoDB DEFAULT CHARSET=utf8mb4 COLLATE=utf8mb4_unicode_ci;

--
-- Dumping data for table `role_user`
--

INSERT INTO `role_user` VALUES (1,1),(2,2),(2,2),(2,2),(252,2),(253,2),(3,2),(4,2),(5,2),(6,2),(7,2),(8,2),(9,2),(10,2),(11,2),(12,2),(13,2),(14,2),(15,2),(16,2),(17,2),(18,2),(19,2),(20,2),(21,2),(22,2),(23,2),(24,2),(25,2),(26,2),(27,2),(28,2),(29,2),(30,2),(31,2),(32,2),(33,2),(34,2),(35,2),(36,2),(37,2),(38,2),(39,2),(40,2),(41,2),(42,2),(43,2),(44,2),(45,2),(46,2),(47,2),(48,2),(49,2),(50,2),(51,2),(52,2),(53,2),(54,2),(55,2),(56,2),(57,2),(59,2),(60,2),(61,2),(62,2),(63,2),(64,2),(65,2),(66,2),(67,2),(68,2),(69,2),(70,2),(71,2),(72,2),(73,2),(74,2),(75,2),(76,2),(77,2),(78,2),(79,2),(80,2),(81,2),(82,2),(83,2),(84,2),(85,2),(86,2),(87,2),(88,2),(89,2),(90,2),(91,2),(92,2),(93,2),(94,2),(95,2),(96,2),(97,2),(98,2),(99,2),(100,2),(101,2),(102,2),(103,2),(104,2),(105,2),(106,2),(107,2),(108,2),(109,2),(110,2),(111,2),(112,2),(113,2),(114,2),(115,2),(116,2),(117,2),(118,2),(119,2),(120,2),(121,2),(122,2),(123,2),(124,2),(125,2),(126,2),(127,2),(128,2),(129,2),(130,2),(131,2),(132,2),(133,2),(134,2),(135,2),(136,2),(137,2),(138,2),(139,2),(140,2),(141,2),(142,2),(143,2),(144,2),(145,2),(146,2),(147,2),(148,2),(149,2),(150,2),(151,2),(152,2),(153,2),(154,2),(155,2),(156,2),(157,2),(158,2),(159,2),(160,2),(161,2),(162,2),(163,2),(164,2),(165,2),(166,2),(167,2),(169,2),(170,2),(171,2),(172,2),(173,2),(174,2),(175,2),(176,2),(177,2),(178,2),(179,2),(180,2),(181,2),(182,2),(183,2),(184,2),(185,2),(186,2),(187,2),(188,2),(189,2),(190,2),(193,2),(194,2),(195,2),(196,2),(197,2),(198,2),(199,2),(200,2),(201,2),(202,2),(203,2),(204,2),(205,2),(206,2),(207,2),(208,2),(209,2),(210,2),(211,2),(212,2),(213,2),(214,2),(215,2),(216,2),(217,2),(218,2),(219,2),(220,2),(221,2),(222,2),(223,2),(224,2),(225,2),(226,2),(227,2),(228,2),(229,2),(230,2),(231,2),(232,2),(233,2),(234,2),(235,2),(236,2),(237,2),(238,2),(239,2),(240,2),(241,2),(242,2),(243,2),(244,2),(245,2),(246,2),(247,2),(248,2),(249,2),(250,2),(251,2),(168,2),(241,2),(254,1),(58,2),(50,1),(58,1);

--
-- Table structure for table `roles`
--

CREATE TABLE `roles` (
  `id` bigint unsigned NOT NULL AUTO_INCREMENT,
  `title` varchar(255) CHARACTER SET utf8mb4 COLLATE utf8mb4_unicode_ci DEFAULT NULL,
  `created_at` timestamp NULL DEFAULT NULL,
  `updated_at` timestamp NULL DEFAULT NULL,
  `deleted_at` timestamp NULL DEFAULT NULL,
  PRIMARY KEY (`id`)
) ENGINE=InnoDB AUTO_INCREMENT=3 DEFAULT CHARSET=utf8mb4 COLLATE=utf8mb4_unicode_ci;

--
-- Dumping data for table `roles`
--

INSERT INTO `roles` VALUES (1,'Admin',NULL,NULL,NULL),(2,'User',NULL,NULL,NULL);

--
-- Table structure for table `users`
--

CREATE TABLE `users` (
  `id` bigint unsigned NOT NULL AUTO_INCREMENT,
  `name` varchar(255) CHARACTER SET utf8mb4 COLLATE utf8mb4_unicode_ci NOT NULL,
  `email` varchar(255) CHARACTER SET utf8mb4 COLLATE utf8mb4_unicode_ci NOT NULL,
  `email_verified_at` datetime DEFAULT NULL,
  `password` varchar(255) CHARACTER SET utf8mb4 COLLATE utf8mb4_unicode_ci NOT NULL,
  `remember_token` varchar(255) CHARACTER SET utf8mb4 COLLATE utf8mb4_unicode_ci DEFAULT NULL,
  `created_at` timestamp NULL DEFAULT NULL,
  `updated_at` timestamp NULL DEFAULT NULL,
  `deleted_at` timestamp NULL DEFAULT NULL,
  PRIMARY KEY (`id`),
  UNIQUE KEY `users_email_unique` (`email`)
) ENGINE=InnoDB AUTO_INCREMENT=255 DEFAULT CHARSET=utf8mb4 COLLATE=utf8mb4_unicode_ci;

--
-- Dumping data for table `users`
--

INSERT INTO `users` VALUES (1,'Admin','mnkanika@afenet.net',NULL,'$2y$10$VxF8GeB2qJrRX7ctZC454OpxrKqACAoMmfBFF1NUIR7pzNRp5us46','3HOi3csdCDsvm9Y1Lneudu2e94nrlvTLmEUgkiM4DUUD3xIgK61wgESEbsP8',NULL,'2023-05-10 13:00:49',NULL),(2,'test','test@admin.com',NULL,'$2y$10$M2D69/zcd/.nLujrD.4rNuflbhoEDVYXGUdwgbEZLCOvOYAuTCXwW',NULL,'2023-04-25 10:13:27','2023-04-25 10:13:27',NULL),(3,'Abdulnasir Abagaro','adlnsr@yahoo.com',NULL,'$2y$10$F3el/y8QKzAqosAcFksSVeh6BQ6ALYzCyTYaO4Ke0OJwFNCxHH5DG',NULL,NULL,NULL,NULL),(4,'Abigiya Wondimagegnehu','abitowon@gmail.com',NULL,'$2y$10$F3el/y8QKzAqosAcFksSVeh6BQ6ALYzCyTYaO4Ke0OJwFNCxHH5DG',NULL,NULL,NULL,NULL),(5,'Abisola Oladimeji','abisola_oladimeji@yahoo.com',NULL,'$2y$10$F3el/y8QKzAqosAcFksSVeh6BQ6ALYzCyTYaO4Ke0OJwFNCxHH5DG',NULL,NULL,NULL,NULL),(6,'Adama Ndir ','uwf2@cdc.gov',NULL,'$2y$10$dEIeVDWk1uEj/l.DMnp/5OQV4zo2tWxVJdRI7TDMna9AIDM5hl5Z6','fb1tdmDG0zv9VQukpeQbMwK6XFqjPUrZJAhjg6fYnjtNsCo7LKAgkZFoCWGm',NULL,'2023-05-21 19:14:38',NULL),(7,'Addmore Chadambuka','achadambuka@afenet.net',NULL,'$2y$10$7a3HdD30FSb0a0uaktCSYec1u1eTI5FbRQgJAYDaeurZ8sdzDUjC.','qMY1nOoAWjUWVvHFMRY4EMmneWedKnqfnAStb3i0uWtgZuRycCVq3LS0O7WW',NULL,'2023-06-06 05:44:22',NULL),(8,'Adefisoye Adewole','aadewole@afenet.net',NULL,'$2y$10$feiuZZp2KHJWP8l0rr9k0u0ISgvmJ95crxm6VpEMqKBWeGZ/7dYUy','zOVJejrh1iKbIqKuFhWbZnoFHdCbITbByFfHOfpVrBSl3kx8QMZNTv2We77a',NULL,'2023-04-30 14:47:40',NULL),(9,'Adel Elduma','ahussein@afenet.net',NULL,'$2y$10$Qd2TnFPLa/hgBPJh8A3qxO8LGYgafubNpOpYzkCoOOGggKFfhZFs.','bNt6K6nD2GQcIYlqgf7raMvVSmpRGzixNWPMNhr6fDIcQ4T0ppVTKh6Bc7vy',NULL,'2023-04-30 17:04:40',NULL),(10,'Ahmed Abade','aabade@feltp.or.ke',NULL,'$2y$10$2YpF5sBWmR.nh.w5iRN1zOK2dpf5.HRzeA0f5cMOBUhxyKdBfnXqq','dJWFzMJXDiUt30g1LUzYUBQPJsshCKki8ZSZGX1ScQGbuhl9eBxBc7GoDK1a',NULL,'2023-05-28 07:58:07',NULL),(11,'Aisha Sadiq','Ayeesha_mamie@yahoo.com',NULL,'$2y$10$ygM7w6B2M6kAqYZuJMbNUuWsw/Qh9LljbKxjcUsnleusREDMTW/.i','wXEGmdTYFk4Uqayd66JWg8wVgmHCOL1KBTdlrIDcBQ9CpHR1AWbY4q5pITwE',NULL,'2023-05-14 21:01:12',NULL),(12,'Aishat usman','labukol@yahoo.com',NULL,'$2y$10$VQJJzZv3lgBzsgNXVEgjl.G4G4qLdbzTmCy3y3kSJqPfnss8AJ80i',NULL,NULL,NULL,NULL),(13,'Dr Oladipo Ogunbode','oladipo.ogunbode@ncdc.gov.ng',NULL,'$2y$10$snYKOqFiUqmsnJP9u/6e.OauOjaxmCCpDKLzspbQC1xP257WY3PD2','FJZqAk38rp0Dd8nxBEbzhhb5OY9CNAP85f0o7ykBBoI59GcAx3k9zEgwjGY0',NULL,'2023-05-23 09:02:33',NULL),(14,'Yanogo Pauline','yanogo.pauline@yahoo.fr',NULL,'$2y$10$F3el/y8QKzAqosAcFksSVeh6BQ6ALYzCyTYaO4Ke0OJwFNCxHH5DG',NULL,NULL,'2023-05-17 15:48:13',NULL),(15,'Alain Magazani','alain.magazani@gmail.com',NULL,'$2y$10$kFpM.8ngrKC2zEBhradNK.2YdymwWjLQelqfKlJoIfIyff.Kvk4.O','2wOx69784E4JAVzHlfoMXOQEYQNnHVwhFAqyaOy1TthIqiBxkSSt56E9mN44',NULL,'2023-05-22 07:41:02',NULL),(16,'Alex Ario Riolexus','riolexus@musph.ac.ug',NULL,'$2y$10$VQJJzZv3lgBzsgNXVEgjl.G4G4qLdbzTmCy3y3kSJqPfnss8AJ80i',NULL,NULL,NULL,NULL),(17,'Ally Hussein ','allykhussein@gmail.com',NULL,'$2y$10$XAc7fJ7uapsZWvDtnQOcnu8LGZyAvDXhh38OHYPYeAmEzFG/5jSbq','qdLFQxtmUYQke4jTyi9ShpuxZITf8kDnLHr21LzYRJyCV5DZoYCvGebFw9fh',NULL,'2023-05-09 08:40:58',NULL),(18,'Amadou Jallow ','amadou.jallow@gmail.com',NULL,'$2y$10$TwtiyV95LmMkeBSyoSSq0ugG3tbLsS1qZ3uuP9.La68/zz325eqwm','IIS9d8uFQY1AK4EP6dpCZwgFngkfRW20iOODNJK3XmMDqcos1rH2Cx5Ze5nz',NULL,'2023-05-15 06:03:51',NULL),(19,'Amelework Alene','ameleworkalene@gmail.com',NULL,'$2y$10$6nSQb5nNf.ynr/hzG2fci.4kt2YMx6CBUGB8AceTxAVeOGSI2xZfu','Ah0I06CWJaTBIVE6uJFpVzG3VafgEGZTZnuT3TKxeNvtkzotf7Cqfyfwhf4P',NULL,'2023-05-03 09:45:34',NULL),(20,'Amina Umar','amina7420@yahoo.com',NULL,'$2y$10$YRDCawxrXLl.1ZTP.V.Ile1ogveiSM7kcBqCpxxRqjGWGVZYHJuyG','6v0zOIKKD8WL4txxoR8hn5iygSOLWWa8S7kANxlSI0g7hNVQIGmvPL4Ld5I7',NULL,'2023-05-04 09:54:07',NULL),(21,'Kenvin Mugenyi','drkmugenyi@gmail.com',NULL,'$2y$10$ss1D0EIYxvMtara2A9Phmuw1utf4GUlpOUmnTYTphpRKT06RhD6ES','61seXA4VgmgLDndVL3qbY88Zn4qoqDk8qLZpt1xPgwBgrhF0rAlcIdfrrnac',NULL,'2023-05-30 13:47:05',NULL),(22,'Amir Juya ','ajuya@afenet.net ',NULL,'$2y$10$PsgdNDfiI9zzVpf5AGub5u9HfwmZOqaQqKElHI/gTzpCsOOR6aDAS','LZocwsWuSIGizumxhbfsPd3Rc2ey6lENMji6DmxQR6MnpYXpyMrq2V1NVzvB',NULL,'2023-05-04 09:18:13',NULL),(23,'Andre Mckenzie','mia8@cdc.gov',NULL,'$2y$10$F3el/y8QKzAqosAcFksSVeh6BQ6ALYzCyTYaO4Ke0OJwFNCxHH5DG',NULL,NULL,NULL,NULL),(24,'Sophia Usuwa','sophng3@gmail.com',NULL,'$2y$10$SzallCe/A.FMM.YpvZ1gnOS5VOU/GABu.h2TTzC547Up//4mvONc6','QMxOHPrGiJLB0LLHB5dNllo8F7Rw4umTh0m4uj3wiK0Imaa3R1YwoWqlLLwu',NULL,'2023-05-17 16:40:56',NULL),(25,'Angela Kisakye','akisakye@musph.ac.ug',NULL,'$2y$10$ocNCzyUbxOHyv3qP9sTu/uvL2fXq79t6ip.oWgJutTOUKQ.cI8iSy','JarRLz55USZVtE8BhGa4eKngRetThEoXVt3dozMzqb73G7qfhxGp9U80Amjr',NULL,'2023-09-20 08:49:10',NULL),(26,'anna Jammeh','annajammeh16@gmail.com',NULL,'$2y$10$F3el/y8QKzAqosAcFksSVeh6BQ6ALYzCyTYaO4Ke0OJwFNCxHH5DG',NULL,NULL,NULL,NULL),(27,'Asamoah Joseph Frimpong ','asamoah.frimpong@gmail.com',NULL,'$2y$10$TXATqHJ5tJw5QCe/z6iLl.ENT68jizgXGR0FCfeBAouwQDT2CGAEm','vp0D7pkUOt9swFIy07lIMSd8wAJ1uEaKT9UxGu9ItH9dk6q26DAalKtGZzmV',NULL,'2023-05-15 16:31:37',NULL),(28,'Atasige Stephen ','atasigestephen@yahoo.com',NULL,'$2y$10$F3el/y8QKzAqosAcFksSVeh6BQ6ALYzCyTYaO4Ke0OJwFNCxHH5DG',NULL,NULL,NULL,NULL),(29,'Augusto Lopez ','acl9@cdc.gov',NULL,'$2y$10$RNbjT0rluinmBnWrMRPyDeqUZlKVK/NYHO5ju/xCGW7ffHdxZZ2/e','v562OfLO3cBae78JiRO1mbE1HRh0e6VyewDfSZTpBo1lU9NuHYj8xne5CB5X',NULL,'2023-05-09 15:59:46',NULL),(30,'AYUMUNA MALASI Belinda','ayumunamalasi@gmail.com',NULL,'$2y$10$BRH25y7gbAoyH6bJaSTgo.83YL8AKBTRCw8znPJn9bZWxjNPx2Tem','FZAT3o1g7PKP8rNyhn3aMj5fTLQKFrrJr0h9ehzwwEa84fAz3lildqsxWnkF',NULL,'2023-04-30 23:00:04',NULL),(31,'Kgatla Hellen','HellenK@nicd.ac.za',NULL,'$2y$10$JpF9qu1hCpIRBrB4mpBwF.qr2sU3nOiIVMjfMSKrrG67N0a54Pen6','6cjr8iHEDjmOWJs5Q4azssq3MHx9UWaHEixCqkMnIPN2r4wvYI3VjtlnAXMa',NULL,'2023-05-30 06:56:42',NULL),(32,'Tyakaray Ibrahim Visa','tkiswonderful@yahoo.com',NULL,'$2y$10$hM7gLuwEoH6XATHTbcpLzumZqumJQXsYVvcopxJj3KvkQQ5psn.yC','fLQfetYizARtBCVzy8DHTeBjoloDQfKImdDCx56UAxbUIEmbGm43rcBReiK6',NULL,'2023-05-24 18:03:57',NULL),(33,'Ba Mamadou Sarifou','msarifou@afenet.net',NULL,'$2y$10$N3hEJYl3kxmMd9mdXWVaiOO0avM86X6IrUlWty9HL2YvAJeANrTi2','P21YPSsWUUykyx75ipNAIODZpFt08QlwkxmmIygLPvmJJa41y60L0nAvOhfH',NULL,'2023-05-25 21:12:13',NULL),(34,'Banda Jezreel Dabwitso ','bandadb3@gmail.com',NULL,'$2y$10$IH6ObhtKgUiSXx2wT8KhceDm9dacnQJZItGZCtoxqXqFZ3BTip7DW','ltnihxhwM1jMG9TraWeuGlpogOIV6YKqOmaX8Zr2IoLIonrYhOMwD6doGPBf',NULL,'2023-05-02 07:54:22',NULL),(35,'Gemechu Chemeda','gemechiscc@gmail.com',NULL,'$2y$10$/eGEzfg4FAewomHRZSBAeOobTkAxIvBfTV6U.CEUr.0.EMdLjpQmy','3TZIf4YkbtQ8YQsBP5UQp2rZsBmxqB2HnmB8P7s61cAPDgtQh5vB7R32tEV3',NULL,'2023-05-23 18:38:48',NULL),(36,'Bashorun Adebobola','bashogee@gmail.com',NULL,'$2y$10$F3el/y8QKzAqosAcFksSVeh6BQ6ALYzCyTYaO4Ke0OJwFNCxHH5DG',NULL,NULL,NULL,NULL),(37,'Basil Kaburi','kbenduri@yahoo.com',NULL,'$2y$10$F3el/y8QKzAqosAcFksSVeh6BQ6ALYzCyTYaO4Ke0OJwFNCxHH5DG',NULL,NULL,NULL,NULL),(38,'Belinda Uba','tanlakas2000@yahoo.com',NULL,'$2y$10$F3el/y8QKzAqosAcFksSVeh6BQ6ALYzCyTYaO4Ke0OJwFNCxHH5DG',NULL,NULL,NULL,NULL),(39,'Jacob Bibohere','jbibohere@afenet.net',NULL,'$2y$10$ID6tvdqp/XAKI9P3c0im.uCKwA5Cod7Vnk888cPxTAfHnCsRMtbFi','jXgbaFICzmCF1ua5se4pNr2aVhze7pO997VGsUkchyuGZdmeACSPVEOABvCu',NULL,'2023-05-22 14:42:00',NULL),(40,'Ben Masiira','bmasiira@afenet.net',NULL,'$2y$10$/cX6RHLhXvd6Z3GjJQGF2egT38f/pC/pUyb0kHU9bQ3jOVOoQMXEa','mP6QrmEKDOcH7ETQzgC3KIw6HQdfIKaTl844Fo4u4uqv4jkZpQXFAlmtHCcy',NULL,'2023-05-16 19:21:08',NULL),(41,'Barry Djibril','djibilirou@yahoo.fr',NULL,'$2y$10$8UIEgpDa44TYy30PTzs7Je1kEEOWjxcwTB6oh4ykIrEYakeJ06hnK','0mz4rcJdRALEjOOtV8whDtjmWVoOmaWZR1Jaz8iThPLFY3GtBIynXNo6UCoA',NULL,'2023-05-22 08:44:59',NULL),(42,'Benon Kwesiga','benon.kwesiga@musph.ac.ug',NULL,'$2y$10$lnUzzuUQkAlIOFuGrOzzKOCP7O6TkKXwfd5svQVViYG2d5TBN7QxO','n0MYnphfMsdODraw7EEKBXgGi3KdPd0SEfB28wvE5KDVAn3ubOZ0BQupwwwF',NULL,'2023-05-03 10:31:08',NULL),(43,'Bamidele Onatola','onatola2000@gmail.com',NULL,'$2y$10$czt0hddckaQAIVXO0R2wgOQMDLJH3bMI4e8qJNuO.c8QKEeFZeFpe','etJLkakxH1dHFpzrXkKJFoMao7JP20iXtBsF5kiL3R8UJ6XdPkpKOMUiJbMs',NULL,'2023-05-20 18:18:24',NULL),(44,'Azuka Adeke','azukaadeke@gmail.com',NULL,'$2y$10$nppQ2joPhj4BJiDwEk/IH.rzTWvscRd4n/p/lfCEV71J46EkEvt6y','NxyDptoo0cQiKhoJp48Hu7YgJW7akn7W4kOrhKaJ9LA9smibDMUJ04MfH2ZV',NULL,'2023-05-21 08:42:17',NULL),(45,'Carl Reddy ','creddy@tephinet.org',NULL,'$2y$10$F3el/y8QKzAqosAcFksSVeh6BQ6ALYzCyTYaO4Ke0OJwFNCxHH5DG',NULL,NULL,NULL,NULL),(46,'Maria Nunga','mnunga@feltp.or.ke',NULL,'$2y$10$eIx8.NglOoh4unMgvIvd.eBWOnqK/u9B5M1BXe14MdllOsOdmklS6','PFowXTyWgW1YmF0uEqaH8iwBzCYQmE53GEMTsi0TFaatok8r47g2OoO0uVus',NULL,'2023-05-29 07:29:40',NULL),(47,'Celestine Ameh','cameh@afenet.net',NULL,'$2y$10$WU941iOo9TNdmQauq5.UXOyDNVLlPxU16Yj6t1qhuoPjPKO3pNNim','evRNpeKX5BBVYeeiM0tt3Os9kAAEhaNYcZjUK5JGzag7ELiOOfXG2QD7G8oN',NULL,'2023-05-21 08:16:30',NULL),(48,'Dr Chidinma Ihuoma Amuzie','ihuoma1712@yahoo.com',NULL,'$2y$10$JBbEpwpPR3T.MhQQIAgaW.kTpbKTiViGhHznmHOoadeJmo6gNn0Gu','TmsxHRtz3EwGYkjWbjHCQOxajkf7UmEkD7tbVtGds5tJPZXkq5KjkaJkzGPi',NULL,'2023-05-24 19:11:34',NULL),(49,'Chima Ohuabunwo','flcandi@gmail.com',NULL,'$2y$10$F3el/y8QKzAqosAcFksSVeh6BQ6ALYzCyTYaO4Ke0OJwFNCxHH5DG',NULL,NULL,NULL,NULL),(50,'Christine Kihembo','ckihembo@afenet.net',NULL,'$2y$10$/KqnHo2AAp1FUJe6XN/pVumJBGb8G7.OQpsLHWH9L4bYdY95X8Q.a','X2Rjpqtn1D058S2NPXFSLLYJdqxfFzQY1Wxt3jirZTR5yGtAznPqh5leDmRj',NULL,'2023-09-22 14:32:52',NULL),(51,'John Kamulegeya','jkamulegeya@afenet.net',NULL,'$2y$10$U1StJ6OgQ0N6QoWA3ae.Q.QPY/0.735VD7dTFV5woz1rTrMWmXnxq','YIEJTFfrATsLmJLLYcOr14fHRnmdG67h6NYUlWebGDVurfVmiLpqKEQArLTk',NULL,'2023-05-30 03:22:30',NULL),(52,'Cristolde Salomao','todysalo@gmail.com',NULL,'$2y$10$VQJJzZv3lgBzsgNXVEgjl.G4G4qLdbzTmCy3y3kSJqPfnss8AJ80i',NULL,NULL,NULL,NULL),(53,'Cynthia Cema','cynthiasema@yahoo.com',NULL,'$2y$10$jGD7Ctn4BRvvAZbSStcOWu9N0sngrDZJYEA4zQT9ttUCNiPMk96.m','eWtUxcSrT1iCwbzwTnMG6ovd0aloPHzV0sP7tc4Jer4u3wDDtZxn3hCg8EeF',NULL,'2023-05-10 12:14:06',NULL),(54,'Fredrick Odhiambo','fodhiambo@feltp.or.ke',NULL,'$2y$10$5tT8mNp9BB2xQGpMySn/P.AqulyMN9xP8LXmPBugoLCIYqkamRaIG',NULL,NULL,'2023-06-05 07:53:41',NULL),(55,'Edson Rwagasore','rwagasoredson@gmail.com',NULL,'$2y$10$/GpDvsXH6QdclJdew6QQyulSVqvvbF9VX8n8M6sLZe5LWWjNwA1BO','ljGlT9xgiaV5TyPpRt7kA3sNPffyiDriF19qbQs8znBLGHDBJSQzMMviVM6i',NULL,'2023-05-26 11:08:20',NULL),(56,'Dr Hines','yxj7@cdc.gov',NULL,'$2y$10$LXsegK.ftN7aRzq4v3qfGOrtoOECOIhzM0Kq.4Jizil5pKCQ1129u','crgMztnwIVC1p6lzELc0wV3Fa6TQrDm9sQdsQRQI14y9Qbb54bUwY7ZnnQkc',NULL,'2023-05-25 08:50:47',NULL),(57,'Dativa Aliddeki Maria','mdaliddeki@musph.ac.ug',NULL,'$2y$10$F3el/y8QKzAqosAcFksSVeh6BQ6ALYzCyTYaO4Ke0OJwFNCxHH5DG',NULL,NULL,NULL,NULL),(58,'Chukwuma David','chukwumau@gmail.com',NULL,'$2y$10$dSJ/.X63CyfDBCNQ4hEy6.wCQR2WJBNd8F/UHdhqKvcZtqFoE2c9q','dDUDBSrDKreYKr6RD4cr7TczHeFm4QfK58eOfsbkeBl3EInjropra7enLiBR',NULL,'2023-09-07 06:46:35',NULL),(59,'Davis Ashaba','dashaba@afenet.net',NULL,'$2y$10$eMjQ9F0e0eAM8KC/H9PPAeidEsUAvzchOQoDoo2RSq1mXBmxRbumC','Etwq6MyM7d24kRnC4tIHqJaNQIUVY2OltdFLExn6fS5XFq3U5Pu8qE3bSpbH',NULL,'2023-05-24 10:31:45',NULL),(60,'Delia Bandoh','deliabandoh@gmail.com',NULL,'$2y$10$FKLSKgVlRKwbxWdaIPvrROYYYoTaaRVpiXJUAtbS7euu6IgyOLfSK','MoxqmLkRdO3utngABQ6DonIJIFMlpIpCqzHQPSzFp01jTS5dTyCmAXmtL0VD',NULL,'2023-05-08 17:35:35',NULL),(61,'DELY Patrick','pdely@afenet.net',NULL,'$2y$10$ZNj3vMh4ExcgGZKpp7lOxOShTpfWQuLbadjAKwuoxD8Ag3s8OIKLi','hFqFdsnE73JwqKXWZvfVoV47SuvTLHZv6U9PBldnqtr5dOvD34mHGCpx0bKV',NULL,'2023-05-03 11:07:21',NULL),(62,'Dennis Yelbeogo','yelbeogodenis@yahoo.fr',NULL,'$2y$10$uFXV.zgFTMYrla89N29kiu7pvPGxLF8VN1HrZ9n3Av2P5lrl9wtFG','PVLPq1OSCPUSD5N97QHLYIHTH5gKOWXRQempkM7YbVtg6y4svcxTYgW0cQcc',NULL,'2023-04-28 10:13:08',NULL),(63,'Khuliso Ravhuhali','khulisor@nicd.ac.za',NULL,'$2y$10$s5QbLzw8XnTQjZTjL/uXD.YQLcvcyeSenieqRIaBZpe1otJg8gYf.','v0k3GnJPFqoiEhOxyidnptvRAvnEdyCB2SeBrOJJFESuTMIHmfDfK2MvRr6x',NULL,'2023-05-17 08:17:25',NULL),(64,'Dieudonné Mwamba Kazadi ','dieudonnemwambakazadi@gmail.com ',NULL,'$2y$10$F3el/y8QKzAqosAcFksSVeh6BQ6ALYzCyTYaO4Ke0OJwFNCxHH5DG',NULL,NULL,NULL,NULL),(65,'Ditu Kazambu','dkazambu@afenet.net',NULL,'$2y$10$VQJJzZv3lgBzsgNXVEgjl.G4G4qLdbzTmCy3y3kSJqPfnss8AJ80i','DA9FVK9yOttkgQBGgCwKQmGuXsVJL5hy1RZSkStij87w4iOQcZO5K0qj0TmF',NULL,NULL,NULL),(66,'Djibo Issifou','idjibo@afenet.net ',NULL,'$2y$10$FHUL1sO43b5HBxKVpTmnHehpWVtvFoT2/Jd3oLLg2HTXkjiTBD6IW','d39uyQy6awgVyA7JU3wMzl2sksmvZm1ZnuZC5igxpR2K0yvqMoRq7ydgDyfZ',NULL,'2023-05-05 15:01:10',NULL),(67,'Donne Kofi Ameme','amemedonne@yahoo.com',NULL,'$2y$10$JLJOscSex3aUSJB2aOqrGuQb874Rejbu1VuWP7aOuwrNNAcM6/DAS','6y63cePh2An6DK4kwpe0YkyYijaFxQpq0zNvfMyj1LmtOk55Fj4ePTqH9NXF',NULL,'2023-09-24 21:58:44',NULL),(68,'Doreen Birungi','dbirungi@musph.ac.ug',NULL,'$2y$10$F3el/y8QKzAqosAcFksSVeh6BQ6ALYzCyTYaO4Ke0OJwFNCxHH5DG',NULL,NULL,NULL,NULL),(69,'Doreen Gonahasa','dorynegona@musph.ac.ug',NULL,'$2y$10$F3el/y8QKzAqosAcFksSVeh6BQ6ALYzCyTYaO4Ke0OJwFNCxHH5DG',NULL,NULL,NULL,NULL),(70,'Doreen Tuhebwe','dtuhebwe@musph.ac.ug',NULL,'$2y$10$F3el/y8QKzAqosAcFksSVeh6BQ6ALYzCyTYaO4Ke0OJwFNCxHH5DG',NULL,NULL,NULL,NULL),(71,'Lilian Bulage','lbulage@uniph.go.ug',NULL,'$2y$10$PlMnehvM4rbOBcpaYAJ9Vu5jWnpncLwbNRHmz3Tr4fU8bizyLvqHi','t927w1DWsBPi66FXpxJaccflgHe9WLhkcVTmMJYBAxoa14tiGmQ46NKo2Tqr',NULL,'2023-05-31 05:09:34',NULL),(72,'Edwin Afari','afariea@yahoo.co.uk',NULL,'$2y$10$F3el/y8QKzAqosAcFksSVeh6BQ6ALYzCyTYaO4Ke0OJwFNCxHH5DG',NULL,NULL,NULL,NULL),(73,'Eligius lyamuya','eligius_lyamuya@yahoo.com',NULL,'$2y$10$F3el/y8QKzAqosAcFksSVeh6BQ6ALYzCyTYaO4Ke0OJwFNCxHH5DG',NULL,NULL,NULL,NULL),(74,'Elijah Paa Edu-Quansah','paaeliquansah@gmail.com',NULL,'$2y$10$M1xDSuMffnDvRAGuw1OySeOLtQxPCHfPEh3i09JKaj659gBolLSKW','d1KDEqC1bRgTfqlmOoKR2DxzTj7a8Tefv5ECNMoNvZVmuXJ0EnB0HrYXfyLw',NULL,'2023-05-02 14:18:13',NULL),(75,'Elizabeth Adedire','favouradedire@gmail.com',NULL,'$2y$10$lbhBOpNKDj6JODoyZxxH2umExb/O.bJ68U7k/D475C7ktWKEP3Ckm','quU6XHgPYWqBhazW6nX2XneMgrUDP4BEYpaSs8fJRnkNhgMqQSk7Ao4bgFOy',NULL,'2023-09-22 14:59:01',NULL),(76,'Dennis Okethwangu','dokethwangu@musph.ac.ug',NULL,'$2y$10$Sp7jAOMgwZtDDucKkw0rT.Fyq5xiQf5xX0vhdwWbGorKw5xI6qpD2','eAQ9gBBB4aw0mN4KO4vY6K9yzj2BeuBrV7patQWSyizZLorqzGbMr7YN5Md0',NULL,'2023-05-24 13:14:03',NULL),(77,'Robert Majwala','rmajwala@musph.ac.ug',NULL,'$2y$10$GWorZbxkxhTeKfB/q400Cu4n2SM4cRO0Fs3ZY7qfqJ/MlskbwpVKa','JgToIRo28FVAT5q5C8KhW9BLLU459VL7s40cmaUm7A4qqnrTQwd2rfuwSq0V',NULL,'2023-05-22 10:09:40',NULL),(78,'Emily Atuheire','atuheiree@africa-union.org',NULL,'$2y$10$F3el/y8QKzAqosAcFksSVeh6BQ6ALYzCyTYaO4Ke0OJwFNCxHH5DG',NULL,NULL,NULL,NULL),(79,'Emmy-Else Ndevaetela ','endevaetela@gmail.com',NULL,'$2y$10$F3el/y8QKzAqosAcFksSVeh6BQ6ALYzCyTYaO4Ke0OJwFNCxHH5DG',NULL,NULL,NULL,NULL),(80,'Endie Waziri Ndadilnasiya','ewaziri@yahoo.com',NULL,'$2y$10$F3el/y8QKzAqosAcFksSVeh6BQ6ALYzCyTYaO4Ke0OJwFNCxHH5DG',NULL,NULL,NULL,NULL),(81,'Atama Nnomzie','n.atama@erasmusmc.nl',NULL,'$2y$10$aWX7xTva93MUZyNjgVU7b.f2z0A8vbdsy4dVET7CQ1C07ZQ4VPLcm','fFVH0UErIhODX5UU2AfOWRZFo6Er6SUn5Y1wsBaUPhZ44f39XB7Iz5fo2muf',NULL,'2023-05-24 09:41:01',NULL),(82,'Ernest Kateule','ernestkateule@gmail.com',NULL,'$2y$10$NU4Pccjj8EOvsZY.UIldmuikHVe89J9xUdZhlcFcvOxDO5HbEnwuC','hCkPt7ZCiwFuTFJKddBIZR4mjRkB0c9sGTZbVoF5C09Bf4JGLvziUdJ616j8',NULL,'2023-05-02 08:02:29',NULL),(83,'Ernest Kenu','ernest_kenu@yahoo.com',NULL,'$2y$10$F3el/y8QKzAqosAcFksSVeh6BQ6ALYzCyTYaO4Ke0OJwFNCxHH5DG',NULL,NULL,NULL,NULL),(84,'Etoundi Alain Mbala','dretoundi@yahoo.fr',NULL,'$2y$10$F3el/y8QKzAqosAcFksSVeh6BQ6ALYzCyTYaO4Ke0OJwFNCxHH5DG',NULL,NULL,NULL,NULL),(85,'Fawole Olafamicayo','fawoleo@ymail.com',NULL,'$2y$10$/16PpEJJZgVSLrtTUcLj9.7oH1jd0rvw4EpHH0ZFF9On1jCzNg9em','TKHq7NDsmSsuhY868BdRRB8lOQ0Ya96eSvjJimrX7VcEKU74s0JJLPd7ikjX',NULL,'2023-05-10 08:27:31',NULL),(86,'Fernanda Bruzadelli','fernandabruzadelli@gmail.com',NULL,'$2y$10$F3el/y8QKzAqosAcFksSVeh6BQ6ALYzCyTYaO4Ke0OJwFNCxHH5DG',NULL,NULL,NULL,NULL),(87,'Fodé Amara Traoré',' fatraore01@gmail.com',NULL,'$2y$10$F3el/y8QKzAqosAcFksSVeh6BQ6ALYzCyTYaO4Ke0OJwFNCxHH5DG',NULL,NULL,NULL,NULL),(88,'Frank Ipyana','fipyana@afenet.net ',NULL,'$2y$10$S8aagw8GThoTwIFgCxnj1ep0Syj7PrgrpKzsksFNqg7Un9xo.N0Am','HYN11cAyM23kGiVsPNIFiSjdfuc7J6VDqypF1ip6Bhih683ktlzVFM9Mhzr5',NULL,'2023-05-05 11:35:13',NULL),(89,'Frank Kaharuza','fkaharuza@musph.ac.ug',NULL,'$2y$10$F3el/y8QKzAqosAcFksSVeh6BQ6ALYzCyTYaO4Ke0OJwFNCxHH5DG',NULL,NULL,NULL,NULL),(90,'Gauthier Mubenga','gauthiermubenga1@gmail.com',NULL,'$2y$10$TP6t4Uo.99Wg/EdOLqzqSOf.ALfa0fOSbnR0hdr2e6D46JBnf8b0q','EQXPM2cQoMGZnXuAbzGxX3WH1ExxRjWspKuTsPbLxgzWgoxWuAuaj4uNBRzl',NULL,'2023-05-08 07:44:58',NULL),(91,'Gebru Negash','ggebru@afenet.net',NULL,'$2y$10$K/G6ijAveibiHzzBtZ4TdeSSuypvag6fnDvKl4NbAbHVDh21eXfw6','cyx4nPSdOHWVTGM4GSwOWnm7kINHn05vgm22Ki22hqbpEIFBEp3s9WHw2qvQ',NULL,'2023-05-10 15:09:33',NULL),(92,'Gerald Shambira','gshambira@afenet.net',NULL,'$2y$10$83500iRMHX9GJYx0PFpy/uvowb2BSwVumWZ9GcL1CE8VBWgW5x.5W','9SYSjHBXy2yFXAowH9SYR9nWiLzDGUBbld2FFfqojwVyChFLmKMUDV4uddC9',NULL,'2023-05-11 08:01:39',NULL),(93,'Geraldo Chambe ','gchambe@afenet.net',NULL,'$2y$10$F3el/y8QKzAqosAcFksSVeh6BQ6ALYzCyTYaO4Ke0OJwFNCxHH5DG',NULL,NULL,NULL,NULL),(94,'Gershom Chongwe','gchongwe@gmail.com',NULL,'$2y$10$F3el/y8QKzAqosAcFksSVeh6BQ6ALYzCyTYaO4Ke0OJwFNCxHH5DG',NULL,NULL,NULL,NULL),(95,'Gibson Mandozana','gmandozana@gmail.com',NULL,'$2y$10$F3el/y8QKzAqosAcFksSVeh6BQ6ALYzCyTYaO4Ke0OJwFNCxHH5DG',NULL,NULL,NULL,NULL),(96,'Godfrey Kayita','kayitagod@gmail.com',NULL,'$2y$10$W0Ny6YB7xB05clncVGAZCu4HBbbPPV.GwB2SN0gWyuw0KLhnpQ3cW','BmRzomxeNlrjYLqKQkRzzxHUEdGQxU7t5BwLVz86erb70GZQZWL9BW0MfILz',NULL,'2023-05-29 10:13:35',NULL),(97,'Gildo Okure ','gokure@afenet.net',NULL,'$2y$10$F3el/y8QKzAqosAcFksSVeh6BQ6ALYzCyTYaO4Ke0OJwFNCxHH5DG',NULL,NULL,NULL,NULL),(98,'Godfrey Kayita','gkayita@afenet.net',NULL,'$2y$10$DDJb44Tq0gB9WmZVVpUhhOhtTCWLgMRfRr2S2ubBY2xXhZo9TO8mW','Kd4oCV39VTiEy9MM3f0FLN3urL07we7za7LQGKhUobA5zclI2x4BCGDN5ckl',NULL,'2023-05-10 16:46:54',NULL),(99,'GURI Bonodong Zongnukuu','bguri@afenet.net',NULL,'$2y$10$Y0ix3J0s4ULK/2x.WemF5e.9RB9z9Uc4lG6VbGxjszLN9QKUp9rzi','G5wgJJhIV8Jo5PNchsX7vaDzF9rXZ3NkShKGgFStIAfpr8EGzUzNYBfnF6hM',NULL,'2023-06-01 07:43:47',NULL),(100,'Hamida Ismael','miismael84@gmail.com',NULL,'$2y$10$F3el/y8QKzAqosAcFksSVeh6BQ6ALYzCyTYaO4Ke0OJwFNCxHH5DG',NULL,NULL,NULL,NULL),(101,'HANITRINIALA Sahondranirina Pâquerette',' paquohani@yahoo.fr',NULL,'$2y$10$F3el/y8QKzAqosAcFksSVeh6BQ6ALYzCyTYaO4Ke0OJwFNCxHH5DG',NULL,NULL,NULL,NULL),(102,'Joyce Nguna','joynguna@musph.ac.ug',NULL,'$2y$10$F3el/y8QKzAqosAcFksSVeh6BQ6ALYzCyTYaO4Ke0OJwFNCxHH5DG',NULL,NULL,'2023-05-22 19:13:47',NULL),(103,'Helemo Desalegn ','helemod2015@gmail.com',NULL,'$2y$10$F3el/y8QKzAqosAcFksSVeh6BQ6ALYzCyTYaO4Ke0OJwFNCxHH5DG',NULL,NULL,NULL,NULL),(104,'Herbert Kazoora','hkazoora@afenet.net',NULL,'$2y$10$pR.x/a5TTWCrAoziz35CFuCYvzHX5ZR5nbUydsUc..5M9wnp4gtj6','Dm4K98BTsW3stFTCBrJslpRA8MNlqqoYXvzwvzUClBP3B5KqaIKD8fGTlvoX',NULL,'2023-06-05 11:46:50',NULL),(105,'HERMANA Georges','hermana_georges@yahoo.fr',NULL,'$2y$10$F3el/y8QKzAqosAcFksSVeh6BQ6ALYzCyTYaO4Ke0OJwFNCxHH5DG',NULL,NULL,NULL,NULL),(106,'Hetani Mdose','hetanin@nicd.ac.za',NULL,'$2y$10$F5RxSshoB7/ZmU3izEQiUuIeFXmW1FR4JhyjbaBQ60wewSfTrBq4i','zsXZLxoTnp0e21twgYjn7HEuhSjjkwNmSzL6tRkQq039NsTuSwbF6mDG4ld5',NULL,'2023-05-19 09:21:39',NULL),(107,'MAVUNGU NGOMA Patrick','pngoma@afenet.net',NULL,'$2y$10$/XOIxShhZEpuglAbgArpOuFOa3Qh0wrX7ydf1BJ47hK6jlXpjCYJG','x28FaD25CJFFS2k1r5fVVM5kjLgxdAUbAoWPJQeSMPoTQglMsATYMUZpVRNJ',NULL,'2023-05-31 15:13:53',NULL),(108,'Hussein Mohammed ','hmg.itooma@gmail.com',NULL,'$2y$10$F3el/y8QKzAqosAcFksSVeh6BQ6ALYzCyTYaO4Ke0OJwFNCxHH5DG',NULL,NULL,NULL,NULL),(109,'Dr Rogati Kishimba','Rogathold',NULL,'$2y$10$29.ANKTf20aOYFruYpB6lu9zRv2WYYahK.cg1iVOHCkHpbY4TUEh.','jVLFHq6QL0lcRnOPhNUdv01fKfSrZDOaBEqMYZnCvyxKyKroLuH3ORJG54Ec',NULL,'2023-06-05 08:02:15','2023-06-05 08:02:15'),(110,'Italia Rolle','itr2@cdc.gov',NULL,'$2y$10$F3el/y8QKzAqosAcFksSVeh6BQ6ALYzCyTYaO4Ke0OJwFNCxHH5DG',NULL,NULL,NULL,NULL),(111,'James Bagonza','drjamesbagonza@gmail.com',NULL,'$2y$10$F3el/y8QKzAqosAcFksSVeh6BQ6ALYzCyTYaO4Ke0OJwFNCxHH5DG',NULL,NULL,NULL,NULL),(112,'James Ransom','Jr.ransom88@gmail.com',NULL,'$2y$10$F3el/y8QKzAqosAcFksSVeh6BQ6ALYzCyTYaO4Ke0OJwFNCxHH5DG',NULL,NULL,NULL,NULL),(113,'Janneth Mugamba','jannethmghamba@yahoo.com',NULL,'$2y$10$F3el/y8QKzAqosAcFksSVeh6BQ6ALYzCyTYaO4Ke0OJwFNCxHH5DG',NULL,NULL,NULL,NULL),(114,'Caren Ndeta','cndeta@feltp.or.ke',NULL,'$2y$10$RRfUl0o1XrLGdN9Ju8PVr.dsURppysrNEUOv2Cu2oodMo3SP7OPKu','PkCIJhj5ZNSjtirkTXAmk1H2daCScF2dkyx7jVrePgGL45pd4Kqc4drugWE1',NULL,'2023-05-29 08:22:34',NULL),(115,'Dr Yaya Ballayira','ballayira@gmail.com',NULL,'$2y$10$0urDsgCoHZGAhArcseNGpuWKTXGeedOJ2dTUYhPcsQftTO6F6M1aK','XzVi7sYtYAniaSwSZJnlWgV9FfIQ3koAFViiMMUD9dKCZxaUshKuIpGl5ZsB',NULL,'2023-05-30 04:34:48',NULL),(116,'Zoungrana Noelie','wnoelie@yahoo.fr',NULL,'$2y$10$ZA483HcBsAOGEMw0sHI2/eK8A5qrjDFrRXFvo1QWPBREkYEMiEmM2','NuJ32z2b91mc17wg7WiTOOhUanmRExFVTwFtgaiEeCMFw9rdsD7pJOplWlep',NULL,'2023-05-25 10:58:52',NULL),(117,'Jean d\'Amour Sinayobye','sinayobyed@gmail.com',NULL,'$2y$10$/5ix9EVTEnHY5mh64iJvFu4ev8oVl4pdGYGeeHpDjPEriGhD7u3/.','1v8FlPT9Duiwqs4FlGsZlNzDKCDq2mGNmsVnAnyOdiuZCPuZQihLHxWR63ur',NULL,'2023-06-01 09:55:23',NULL),(118,'JoÃ£o Pires','jvpires@gmail.com',NULL,'$2y$10$F3el/y8QKzAqosAcFksSVeh6BQ6ALYzCyTYaO4Ke0OJwFNCxHH5DG',NULL,NULL,NULL,NULL),(119,'John Kamulegeya','jkamulegeya@afenet.com',NULL,'$2y$10$F3el/y8QKzAqosAcFksSVeh6BQ6ALYzCyTYaO4Ke0OJwFNCxHH5DG',NULL,NULL,'2023-05-22 09:30:13',NULL),(120,'John Kennedy Matovu','kmatovu@afenet.net',NULL,'$2y$10$TUHb1PtLRXHVwY/K1LXBS.Fuf6dpqJ801hU1bsILYp4GmXHGSbami','O7Sx6rLvSe5XtHHWs88CTxc4j4qih5xPWddsEsIAjO7vMb0t5hhR6fvBgHXD',NULL,'2023-05-15 12:47:20',NULL),(121,'John Rumunu','jrumunu@yahoo.com',NULL,'$2y$10$F3el/y8QKzAqosAcFksSVeh6BQ6ALYzCyTYaO4Ke0OJwFNCxHH5DG',NULL,NULL,NULL,NULL),(122,'Jolie Kasongo','kasongojolie1@gmail.com',NULL,'$2y$10$F3el/y8QKzAqosAcFksSVeh6BQ6ALYzCyTYaO4Ke0OJwFNCxHH5DG',NULL,NULL,NULL,NULL),(123,'Joseph Magoola','jmagoola@afenet.net_old',NULL,'$2y$10$F3el/y8QKzAqosAcFksSVeh6BQ6ALYzCyTYaO4Ke0OJwFNCxHH5DG',NULL,NULL,NULL,NULL),(124,'Joseph Matovu','jmatovu@musph.ac.ug',NULL,'$2y$10$F3el/y8QKzAqosAcFksSVeh6BQ6ALYzCyTYaO4Ke0OJwFNCxHH5DG',NULL,NULL,NULL,NULL),(125,'Vincent Mutabazi','mutabazivincent@gmail.com',NULL,'$2y$10$6RAstbVogpBjF6uJTKdJ/.rMB2V1PtBK7ULw6OEFQbVLb0WtWx7DS',NULL,NULL,'2023-06-02 07:07:47',NULL),(126,'Joseph Otshudiandjeka','otshujose@yahoo.fr',NULL,'$2y$10$.R.54uzliw0j91/DDiys6O1XEjddCfCPulcO9tAfVl5cTNbfTpx3.','SZ9riasR1fmgzLJyTvnZL3hzxyfMTbaz400x8GGY1xiue1kZPIZulWRzIjEK',NULL,'2023-05-09 22:37:40',NULL),(127,'Josephine Githaiga ','jgithaiga@feltp.or.ke',NULL,'$2y$10$F3el/y8QKzAqosAcFksSVeh6BQ6ALYzCyTYaO4Ke0OJwFNCxHH5DG',NULL,NULL,NULL,NULL),(128,'Andrew Tusubira','andrewtusu@gmail.com',NULL,'$2y$10$bn8DDs.RyqfGBuhluPoWX.XBqVTtzbE5TyUpEOEpI.cR0R97UxaUW','Y2reRLt6fE9bcV344604FsdrbBrDn5Tq5QV2bXPVvIWoroqzxCMQPXEg29eU',NULL,'2023-05-24 14:43:12',NULL),(129,'Julio Leite','julioleite52@yahoo.com',NULL,'$2y$10$F3el/y8QKzAqosAcFksSVeh6BQ6ALYzCyTYaO4Ke0OJwFNCxHH5DG',NULL,NULL,NULL,NULL),(130,'Dr Sow Hyacinthe','sowhyacinthe@gmail.com',NULL,'$2y$10$Ze6hAL.dWBl7RtQkLafNZefNIuuOUtn9E4F55UJU.Ocz9a1wcKThq','SWM3nSQktwkQnz5ZRTAFpWzBC3wVOcAyrPk5v0y7ItlUxctdBJWNY5FDzbyk',NULL,'2023-06-02 23:46:37',NULL),(131,'Kenneth Kayembe ','kkayembe@afenet.net',NULL,'$2y$10$h5/M/HHZ98CibEXV1YeYe.VlW5Cv1i5.yVOYQwNhOkFdxQn.j.5OS','mNZ92Ao7MaFTh1nHBExpMoMXl5vsHYTKB221OdKOm22394AnOd8HEyxPLJ7j',NULL,'2023-04-28 11:42:13',NULL),(132,'Kerndt Peter','prk1@cdc.gov',NULL,'$2y$10$F3el/y8QKzAqosAcFksSVeh6BQ6ALYzCyTYaO4Ke0OJwFNCxHH5DG',NULL,NULL,NULL,NULL),(133,'Kevin Mugenyi','kmugenyi@afenet.net',NULL,'$2y$10$lsHMYmyyHhztzn5UKSEfDu52QuA8ndpjqu1IkZqaL1s1Piljhc2eG','OQVQuglNwj9xq8hlJCqgmWi1nemAAVkrqdW3WEWWcGTNokETNMmvtBRzCiYU',NULL,'2023-09-21 08:43:33',NULL),(134,'Kofi Mensah Nyarko','konyarko22@yahoo.com',NULL,'$2y$10$F3el/y8QKzAqosAcFksSVeh6BQ6ALYzCyTYaO4Ke0OJwFNCxHH5DG',NULL,NULL,NULL,NULL),(135,'Kyeng Mercy Tetuh','njit@africa-union.org',NULL,'$2y$10$F3el/y8QKzAqosAcFksSVeh6BQ6ALYzCyTYaO4Ke0OJwFNCxHH5DG',NULL,NULL,NULL,NULL),(136,'Olawunmi Adeoye','wunmiolat@yahoo.com',NULL,'$2y$10$ra6rck8tsP.FNuL2hi99ZOH4TLgv0vtFka.kP6skpmJEMrr60eR4m','MXnWei3junSy2aPHxqieimzTVk8sreaikXJd3RRVzPTxtoMu6ub3RWWRov4P',NULL,'2023-05-09 09:20:18',NULL),(137,'Lazarus Kuonza','lazarusk@nicd.ac.za',NULL,'$2y$10$F3el/y8QKzAqosAcFksSVeh6BQ6ALYzCyTYaO4Ke0OJwFNCxHH5DG',NULL,NULL,NULL,NULL),(138,'Leocardia Kwagonza','lkwagonza@musph.ac.ug ',NULL,'$2y$10$zlBIWn4LifrB.AM.8kNZVesBdPlWv4bm6lrWYe6iGTXN3c7xK3j9C','pwNvwBndV0DQfMs9nI4pQQ94sDTLbrNwxvPFrpzj2OS9eIIeJl4Hwtlv9MFy',NULL,'2023-05-22 08:14:25',NULL),(139,'Leonard Hakizimana','leonhakiza@gmail.com',NULL,'$2y$10$k6znnrUc8LopiQegewQSrO/ogjij7dkEURWJQgA.5mbuz5AdoQESS','lr6SLMabAytdZPSNGMTzDHALyG24o29YDfvzR9xb6woFXhN5ol1FOlyGkY7t',NULL,'2023-04-28 15:42:47',NULL),(140,'Letsie Nyane','letsienyane@yahoo.co.uk',NULL,'$2y$10$F3el/y8QKzAqosAcFksSVeh6BQ6ALYzCyTYaO4Ke0OJwFNCxHH5DG',NULL,NULL,NULL,NULL),(141,'Lilan Okeke','lokeke@afenet.net',NULL,'$2y$10$F3el/y8QKzAqosAcFksSVeh6BQ6ALYzCyTYaO4Ke0OJwFNCxHH5DG',NULL,NULL,NULL,NULL),(142,'Lilian Bulage','lbulage@musph.ac.ug',NULL,'$2y$10$VcTXjeo2I4oYQ7K9AjlSw.6ENY26NpNp9h.DMusr1xGKHwugziI4u','oMaQxKrgFTQrbk35WftLbqexqnoBEYeIOySue7dG7BBts2Pfcgj3lwQ6mlW9',NULL,'2023-09-21 18:55:09',NULL),(143,'Fhatuwani Gavhi','tcy0@cdc.gov',NULL,'$2y$10$fl2suVOaxzNkcbQacG1uu.2KIwINk3L1JJcRryzi2bDU7BgVhqkom','OTJflyfDC4LjzA4EYcKdM1KLuYbHGege2otcvyYXe2IvJLpQDSsPoCo2NqMf',NULL,'2023-05-16 07:09:17',NULL),(144,'Luke Nyakarahuka ','nyakarahuka@gmail.com',NULL,'$2y$10$F3el/y8QKzAqosAcFksSVeh6BQ6ALYzCyTYaO4Ke0OJwFNCxHH5DG',NULL,NULL,NULL,NULL),(145,'LULEBO  Aime','aimeelulebo@gmail.com',NULL,'$2y$10$74GEMF/DpcKh4RQNPbqDLuE0WBnD.z99colvFbSRsBxxgjlLHpkmC','PkytZWFUARuVA6fc3XxcKlrKCLEwqO3uCop0tMgWA4e9GyuxzUVzklJqPijs',NULL,'2023-06-04 21:08:39',NULL),(146,'Lwanga Noora','nooralwanga@gmail.com',NULL,'$2y$10$pUaa7.CX6aw6Vb5pf0zknOEfaXQfzHyTkoHw6irY04tc4cJNslJ2u','idgHzw7kiy0YP7weqZwQrVL3wD8X2laeERdB7Rcj1mkCAzAZjzZc4lu4cdkF',NULL,'2023-05-29 06:20:29',NULL),(147,'Lydia Nakiire ','lnakiire@idi.co.ug',NULL,'$2y$10$F3el/y8QKzAqosAcFksSVeh6BQ6ALYzCyTYaO4Ke0OJwFNCxHH5DG',NULL,NULL,NULL,NULL),(148,'Maame Amo-Addae','mamoaddae@afenet.net',NULL,'$2y$10$g56aJWFqvNCrgid2tEl1Q.4SOiN4W.rwFmyv4QxFsBjpllQ1Hio5e','BJXKBzotKQdk8P8zJUvzkuv100q7rONCjAgF7CdYjMejew8vCgpnHJZd86jr',NULL,'2023-05-22 14:51:17',NULL),(149,'Mable Aworh','mabelaworh@yahoo.com',NULL,'$2y$10$OPexp5Yw8Y/LdFJkZONdU.HpVh8palxBJ4Kfr5utcWJJBgoTU3gyu','Lx85OT47pw9dzRbtFHzx9dYXipA903YQCCo5Jkw3cyai6MpV0XK9Ql6Je0Hj',NULL,'2023-05-17 00:09:21',NULL),(150,'MAFUTA MUSALU Eric','ericmafuta2@gmail.com',NULL,'$2y$10$DpvmjO76P/uMv6al8aktV.xc5Ko/oT/BMyaz8oKSaDQDud9AGSF6C','51cmbGR4mdB5eveLvBOpZ6vH7DkKze6XkhIcTtM9AIdLJoDFcIkbWANBns23',NULL,'2023-05-15 20:57:13',NULL),(151,'Mahmood Dalhat','mmdalhat@gmail.com',NULL,'$2y$10$7.hT328dIDXiqqLhg4CLS.wp3jTzC7gaRMHvBC7SwrZUMYK9llHOq','RDI8wXKlz7vqvD8kzMwHIRfmFmaCwv3RhBtD6cOH5t09EyyhMD5cfprn1En3',NULL,'2023-05-16 14:46:23',NULL),(152,'Mark Obonyo','drmarkobonyo@gmail.com',NULL,'$2y$10$QN6HmN.V0HYvBqi5wffbi.aH0cb9VLEdX5jfSldc.nYniq8AGf3fW','Rc76DV3636xvGgEj250pLYItCwHK1UaPcg0VHTBPCMj9e53yfjtSSlwOxjcJ',NULL,'2023-05-31 08:14:55',NULL),(153,'Marta Guerra ','hzg4@cdc.gov',NULL,'$2y$10$F3el/y8QKzAqosAcFksSVeh6BQ6ALYzCyTYaO4Ke0OJwFNCxHH5DG',NULL,NULL,NULL,NULL),(154,'Marta Helena Dantas','martahelena.dantas@gmail.com',NULL,'$2y$10$F3el/y8QKzAqosAcFksSVeh6BQ6ALYzCyTYaO4Ke0OJwFNCxHH5DG',NULL,NULL,NULL,NULL),(155,'MATADI BASADIA Linda','matadibasadia@yahoo.com',NULL,'$2y$10$FOitCZeTLoY4c4l2esWW8OItacBgKlxvtMldRmBB9fJpgpsI2cfeu','P4ozDTTOw23ZJEwhWVIvhn36kDSpjhIulcXMcn3lUUOHjVHjVPkRfIVMTQ8P',NULL,'2023-05-02 06:17:49',NULL),(156,'Maurice Owiny Omondi','mowiny@feltp.or.ke',NULL,'$2y$10$rpxTTqJP1TWQVgNcMFqqSOMLJ79mS0kUwErwCcvaDFXeKcspvPb2e','tbdcTs5XCmtGW1B12OnPhW9toEFIngeexnusUGtVNTU29Jp4hb0m9kW0lPor',NULL,'2023-05-08 14:16:26',NULL),(157,'Kasongo Jolie Kayembe','jkayembe@afenet.net',NULL,'$2y$10$efHx8f6YBjuTCTAMuytJBeI5wcnBPDs4M7CuSwlmzRbiZFp9WDwMC','cqp4HGCpELj2awwsbSOWAHrf3UUq9AJ0j4QcnvY5Bm386Q1ABxfVmBaZT4g3',NULL,'2023-05-28 18:59:54',NULL),(158,'MBAILAO Raphael','mbailaoraphael@yahoo.fr',NULL,'$2y$10$F3el/y8QKzAqosAcFksSVeh6BQ6ALYzCyTYaO4Ke0OJwFNCxHH5DG',NULL,NULL,NULL,NULL),(159,'Mbouna Ndiaye ','mbounandiaye@hotmail.com',NULL,'$2y$10$F3el/y8QKzAqosAcFksSVeh6BQ6ALYzCyTYaO4Ke0OJwFNCxHH5DG',NULL,NULL,NULL,NULL),(160,'Dr Rebecca Babirye','rebabirye@gmail.com',NULL,'$2y$10$F3el/y8QKzAqosAcFksSVeh6BQ6ALYzCyTYaO4Ke0OJwFNCxHH5DG',NULL,NULL,'2023-05-31 07:55:53',NULL),(161,'MISOMBO KALABELA Andre','misombokalabela@gmail.com',NULL,'$2y$10$N3RvCSGrl1hd6Eflpl0Mk.5aLD517A9K3G/wxHPDgweUgsqOSJ.96','isXyRmohM3EE4xcR87IYgyf1YzzNUl5ZkIZXz5se8sxIMzGzqQVBAa6hi6kA',NULL,'2023-05-20 11:03:46',NULL),(162,'Gideon Kwesigabo','gkwesigabo@yahoo.com',NULL,'$2y$10$LsaXw5CLumLT5ImPqHxfjOaINM9H6BsTDZvBLy7ivUYXeEAfFOXMy','EEg0mKe6Xx0sXg4YZeb9Byrx6lPh4e8b75fk1ip4xxneRUHV2x9GDz22cynK',NULL,'2023-05-29 10:06:25',NULL),(163,'Mohammed Shakir','muhammadsbalogun@gmail.com',NULL,'$2y$10$VQJJzZv3lgBzsgNXVEgjl.G4G4qLdbzTmCy3y3kSJqPfnss8AJ80i','PLF7U7zTTJm2iKf93rjSUGfd10kJvzaB4hxwnltRwWwXfsprjjqWAM2TUpWR',NULL,NULL,NULL),(164,'Mohammed Vandi ','mohamedavandi69@yahoo.com',NULL,'$2y$10$F3el/y8QKzAqosAcFksSVeh6BQ6ALYzCyTYaO4Ke0OJwFNCxHH5DG',NULL,NULL,NULL,NULL),(165,'Moreen Kamateeka','mkamateeka@afenet.net',NULL,'$2y$10$F3el/y8QKzAqosAcFksSVeh6BQ6ALYzCyTYaO4Ke0OJwFNCxHH5DG',NULL,NULL,NULL,NULL),(166,'Mosoka Papa Fallah ','FallahM@africa-union.org',NULL,'$2y$10$F3el/y8QKzAqosAcFksSVeh6BQ6ALYzCyTYaO4Ke0OJwFNCxHH5DG',NULL,NULL,NULL,NULL),(167,'Wilnique Pierre','wpierre@afenet.net',NULL,'$2y$10$lB0BPw2xaFskr2BN4xSogOoPDmagYhjkb/p/bO/ZGlIEGBNSKBOZK','FuoZOnWKwDq8rqaGnFY6qpwGNHE9L7I1XogBTU95aMDYX1G9CuYoRLKO2T0B',NULL,'2023-05-30 06:29:12',NULL),(168,'DIAKITE Soungalo\n','Soungalodiakite2013@gmail.com',NULL,'$2y$10$0.la3ivXVkMIO/4nC5pK1OWXGY.7rthl3LoAYpIyAvy8mT6v/ymVC','4qsgIQNBIulHYtcfpBwxcfvaRIGh6F4ltlkGj06uanLSa6xB7csmtR4gJM9J',NULL,'2023-04-28 15:34:46',NULL),(169,'Mucho Mizinduko','mmizinduko@gmail.com',NULL,'$2y$10$F3el/y8QKzAqosAcFksSVeh6BQ6ALYzCyTYaO4Ke0OJwFNCxHH5DG',NULL,NULL,NULL,NULL),(170,'Mufuta Tshimanga','tshimangamufuta@gmail.com',NULL,'$2y$10$F3el/y8QKzAqosAcFksSVeh6BQ6ALYzCyTYaO4Ke0OJwFNCxHH5DG',NULL,NULL,NULL,NULL),(171,'Munekayi Padingani','munepadi@yahoo.fr',NULL,'$2y$10$JWSm9opZRLZZ3x1VVUh/8.4dS5Rd3dFRGAej5OuIc1NgmFGOJwbO6','sAKHW3hDp4eeMsD1LNmF157N9PQujBqxZESuhLAl6yHcDXRVRrpbnKwGQvG6',NULL,'2023-06-01 08:18:07',NULL),(172,'Musa Abdullahi','abdullahimusa12@gmail.com',NULL,'$2y$10$F3el/y8QKzAqosAcFksSVeh6BQ6ALYzCyTYaO4Ke0OJwFNCxHH5DG',NULL,NULL,NULL,NULL),(173,'Ndiaye Mouna','mndiaye@afenet.net',NULL,'$2y$10$kyr5VXVjaBW7RlrvtOEake1GZf/iquuVydqOLyWkPnBsHdxTmHJMm','5hKOsJhwuKIx973habAyCY8zMwJn0oyUuel4lALjw12dySeFY09DpNGEnpbn',NULL,'2023-05-25 11:52:11',NULL),(174,'Nestor Denakpo Noudeke','noudnest@yahoo.fr',NULL,'$2y$10$D3Us4853QUvJ8LnRAxCTl.qLHF6SMuuVJJn5lhdMo4XeV3TpLpkCi','kAHTvcIeb0JwBCgax7tIqojJGSt1GFumUUBcSTS5yvtEhq7uNIsYhwAxfB22',NULL,'2023-04-28 10:43:14',NULL),(175,'Nestor Ndakala','nndakala@afenet.net ',NULL,'$2y$10$GjIKqNsV7JRpQ9Qd.hMfC.eh1A8rloSYs1yMawSg8FDL1tHWHRRAy','EcRjZjyozEAqzke97MPS1LgKTfcFQ89Rx4pNUtuwnXKtfLepcoCaVyTYA8zH',NULL,'2023-05-15 10:06:04',NULL),(176,'NGBEADEGO SOUKOUDOUPOU Aubin','ngbeadegoa@gmail.com',NULL,'$2y$10$S0x/kSLLybNve8ptn4jZTeASAcFLYLpMQCt/WNxrKw//4857htWDy','PYvVduXUGsFtV4alT7BdI1VuOEDsywuPteDFcjAiCJ886ZHdcuVSW5OEqkB8',NULL,'2023-05-01 22:21:16',NULL),(177,'Nicholas Ayebazibwe','nayebazibwe@afenet.net',NULL,'$2y$10$SMQZi0YDyYuYB090RfCaG.YCLbX0535l/SjdhvVMNB97O4tTqpb4O','uGSS4M3h6NGtQyF96bFz8H0OY9l0kzVF1C3cOd8xqnbV5EuEtz3ekNyeehyj',NULL,'2023-05-16 11:53:13',NULL),(178,'Nicholas Meda ','nicolas.meda@ujkz.bf',NULL,'$2y$10$F3el/y8QKzAqosAcFksSVeh6BQ6ALYzCyTYaO4Ke0OJwFNCxHH5DG',NULL,NULL,NULL,NULL),(179,'Nikiema Christelle','nikiemachris@yahoo.fr',NULL,'$2y$10$F3el/y8QKzAqosAcFksSVeh6BQ6ALYzCyTYaO4Ke0OJwFNCxHH5DG',NULL,NULL,NULL,NULL),(180,'Notion Gombe','gombent@yahoo.com',NULL,'$2y$10$wnrQFfCy4onGd0iOL2kICuw5G.IJMvt6sn4tCOYMhJkuXhS.UGKl6','AFNFeRwDpWQ2v3D4xwExp6bcqdlLLwlDwI2MAekFc1TXMFGLOerbXlmbrCu5',NULL,'2023-05-05 08:51:42',NULL),(181,'Nsiande Lema ','nsiandelema@yahoo.com',NULL,'$2y$10$JzrHqDODstXbdL4xB37L7e7aTikkg6Fw/nJhPX3NSK/8t7HuuJNYy','LNg4LyJCmXIgI3U41PSEzXjiMSf72CRRGCNkmZwuB37NdoHQeroGYPs8Vhz5',NULL,'2023-05-15 08:17:01',NULL),(182,'Ntadom Godwin','ntadomg@yahoo.com',NULL,'$2y$10$F3el/y8QKzAqosAcFksSVeh6BQ6ALYzCyTYaO4Ke0OJwFNCxHH5DG',NULL,NULL,NULL,NULL),(183,'Daniel Eurien','euriend56@gmail.com',NULL,'$2y$10$F3el/y8QKzAqosAcFksSVeh6BQ6ALYzCyTYaO4Ke0OJwFNCxHH5DG',NULL,NULL,'2023-05-30 20:27:04',NULL),(184,'Nyambe Sinyange','bsinyange@gmail.com',NULL,'$2y$10$4AFeF/OkWYMO0pDPhFTsSu2uzt5fxqlU5o/yzRLxf/9n19MpLaqsC',NULL,NULL,NULL,NULL),(185,'Olaoluwa Akinwale','pheabian@yahoo.co.uk',NULL,'$2y$10$F3el/y8QKzAqosAcFksSVeh6BQ6ALYzCyTYaO4Ke0OJwFNCxHH5DG',NULL,NULL,NULL,NULL),(186,'Olayinka Adebola','debolaola@yahoo.com',NULL,'$2y$10$F3el/y8QKzAqosAcFksSVeh6BQ6ALYzCyTYaO4Ke0OJwFNCxHH5DG',NULL,NULL,NULL,NULL),(187,'Olivia Nakwafila','onakwafila@unam.na',NULL,'$2y$10$oidYwnkGVqRzli71AAp/3.oKKJb9hJ3j/n1u8j98iEWOe4dNyhQpe','45RhQi9lgAXTy6OC57hKJ7AB2gVb9LG1WYj9KCcHmH1yW9HbemjlXy297HDC',NULL,'2023-05-15 11:15:28',NULL),(188,'Olivia Namusisi','namusisiolivia@afenet.net',NULL,'$2y$10$8ud2NsiBPK/HWISp60TMP.2r7BDrCa9S181ZeYmLZzl6j163GGTEO','PX4vtYwPPJadfsG11aiyR4vCKoFf09GkQu2bfMuNefGexNIiDQNiIcUnjIMU',NULL,'2023-09-19 09:26:31',NULL),(189,'Tsitsi Juru','jtsitsi@afenet.net',NULL,'$2y$10$4VaY.HV5LnmRERis7RKm.uqYRC4ufSAkJbUZdhSmtvywhFiSacn0i','KHK0AzuYjVWKz1kvjAJuEsJ6p5DdVnUDyPFqZLDPagju8Rsngq7iS6w8mpLZ',NULL,'2023-05-26 12:47:58',NULL),(190,'Dr Chukwuma Umeokonkwo','dchukwuma@afenet.net',NULL,'$2y$10$ZofwC2fjM.54tK86wkQ7Q.zHTyUkqjg23a/fJN7cDBCvIvIQ1U0q2','NpjqRZBKsmxUKe7ftgT3xkFkjhF6nGYMvxcrZvhReTpAWsGnSkc9hvJsmo7n',NULL,'2023-09-07 06:43:50',NULL),(193,'Patrick Nguku','drnguku@gmail.com',NULL,'$2y$10$F3el/y8QKzAqosAcFksSVeh6BQ6ALYzCyTYaO4Ke0OJwFNCxHH5DG',NULL,NULL,NULL,NULL),(194,'Joseph Magoola','jmagoola@afenet.net',NULL,'$2y$10$gHFJrClm420Xq7rTyLPSBe9kXCWZRrXt0XI5UdZcrzJWK.u8V.mR6','oEakwETOKm9nBupqKSgRpBwrvLqrc14ZJ3sePNzLDZwaeXD2ouvps5nH71hK',NULL,'2023-05-16 08:33:17',NULL),(195,'Penehafo Angula','pangula@unam.na',NULL,'$2y$10$F3el/y8QKzAqosAcFksSVeh6BQ6ALYzCyTYaO4Ke0OJwFNCxHH5DG',NULL,NULL,NULL,NULL),(196,'Peter Adewuyi','padewuyi@afenet.net',NULL,'$2y$10$LVWPDbYROqUIsWl8q3ujqufUpgs9tyr9ku/Tb1vnI.19T0Jhyuqrq','18gDIba55IVBT5u9gMTPrywPI6lYOTAxWRUWcqeU9Nyh0riJbklVzzZXsBKf',NULL,'2023-05-15 09:23:21',NULL),(197,'RAKOTONDRABE Naltiana','dvm.naly@gmail.com',NULL,'$2y$10$nnMXf6507lRozK0cCbtQgeMvsaM.rESK4IEirLvOYvl6m6/mPA.T.','xt2FHshL69NsDZIE05RI3cDbyU9G6Miy0lUjVxmBM6k30VodtVDx0vd948iB',NULL,'2023-04-29 10:05:37',NULL),(198,'Ralph Jetoh ','ralphica2000@gmail.com',NULL,'$2y$10$F3el/y8QKzAqosAcFksSVeh6BQ6ALYzCyTYaO4Ke0OJwFNCxHH5DG',NULL,NULL,NULL,NULL),(199,'RANOARITIANA  Dany Bakoly','rdanytia2@gmail.com',NULL,'$2y$10$EufsMmbuv0LXLtb4/cHcYOiHSyRx/SIUFGqvBkiUEr1C86EQlDiIe','hIwkpSoMbZDfQdR3N48vj7We7ntUcoORtjnvaZreJerb5xchfPaPSpl2Tu7S',NULL,'2023-04-29 07:24:50',NULL),(200,'Raymond Tweheyo','ratweheyo@yahoo.co.uk',NULL,'$2y$10$F3el/y8QKzAqosAcFksSVeh6BQ6ALYzCyTYaO4Ke0OJwFNCxHH5DG',NULL,NULL,NULL,NULL),(201,'Rebecca Babirye','rbabirye@afenet.net',NULL,'$2y$10$F3el/y8QKzAqosAcFksSVeh6BQ6ALYzCyTYaO4Ke0OJwFNCxHH5DG',NULL,NULL,NULL,NULL),(202,'Rebecca Kinde','kinderebecca@yahoo.fr',NULL,'$2y$10$VQJJzZv3lgBzsgNXVEgjl.G4G4qLdbzTmCy3y3kSJqPfnss8AJ80i','BjsB2QMa0CiDUAV1prftCmx7tyxwU6S9ztZNvdNNoRsXtB2eWDitjtfRqM9a',NULL,NULL,NULL),(203,'Reina Turcios','rnt0@cdc.gov',NULL,'$2y$10$F3el/y8QKzAqosAcFksSVeh6BQ6ALYzCyTYaO4Ke0OJwFNCxHH5DG',NULL,NULL,NULL,NULL),(204,'Emelda Ramutshila','emeldar@nicd.ac.za',NULL,'$2y$10$UlUXQsly1/7M8xsb0dnuqOZKA0DJ6SSZ9yV.Ej5kKLBGgNPvd1sn6','jS4qRUa8HzCUdiWHPeM2XyEDNnZNF9nfXeg1O3UUzCo5qmGA2E6RvFjpqATl',NULL,'2023-05-19 12:38:29',NULL),(205,'Robert Downing','downingrg@gmail.com',NULL,'$2y$10$F3el/y8QKzAqosAcFksSVeh6BQ6ALYzCyTYaO4Ke0OJwFNCxHH5DG',NULL,NULL,NULL,NULL),(206,'Robinson Amanyiraho','ramanyiraho@afenet.net',NULL,'$2y$10$F3el/y8QKzAqosAcFksSVeh6BQ6ALYzCyTYaO4Ke0OJwFNCxHH5DG',NULL,NULL,NULL,NULL),(207,'Rogath Kishimba','rogatkishimba@yahoo.ca',NULL,'$2y$10$tHhMp432x3kj6h2UB7EmmeRhUYnQL4SvpJ2yoQejSgWfX/aKOHQDi',NULL,NULL,'2023-06-05 08:11:04',NULL),(208,'Rosa Moreira','rosakeshia@hotmail.com',NULL,'$2y$10$F3el/y8QKzAqosAcFksSVeh6BQ6ALYzCyTYaO4Ke0OJwFNCxHH5DG',NULL,NULL,NULL,NULL),(209,'Rossetto Erika','osc6@cdc.gov',NULL,'$2y$10$F3el/y8QKzAqosAcFksSVeh6BQ6ALYzCyTYaO4Ke0OJwFNCxHH5DG',NULL,NULL,NULL,NULL),(210,'Saheed Gidado','gsosuccess@yahoo.com',NULL,'$2y$10$8bJj1O2WSLuvuDbjNLp32O0LX3.55q6ycmukfgR.dOZUZxE.Zk6RK','r9po03LSQScVQ8kzBPzNwUBMgBYmBJC68ysdGl7sdBDzBGENwwC1zpFYXc4R',NULL,'2023-04-30 11:47:08',NULL),(211,'Salomon Corvil','scorvil-consultant@taskforce.org',NULL,'$2y$10$3oQgF9kt1UlqjtuFiDCdmOmkZdNH6RNJ.aI3o2Zj3Yi0.q.gS9l1e','XFzHrPsRdXxgm9uVC1w9RokYOARpUbK31dckOAmzF8sjQAhIZ6HrSft1Fnfh',NULL,'2023-05-20 16:08:52',NULL),(212,'Samuel Assegid ','assegid.samuel@moh.gov.et ',NULL,'$2y$10$SlvXgRa.ew4ZeTU/HlJlOO5k/sy3mNnXA/KgXfehBnxtX/UpfYWey','osnmVMEpvqj29TPO61EpcYPZ7OjVJ4AL8nIQ0JxytMLHhZIP52mYWg8vSRaj',NULL,'2023-05-02 20:47:18',NULL),(213,'Samuel Kolane','sinki.kolane@gmail.com',NULL,'$2y$10$F3el/y8QKzAqosAcFksSVeh6BQ6ALYzCyTYaO4Ke0OJwFNCxHH5DG',NULL,NULL,NULL,NULL),(214,'Samuel Sackey','sackey492003@yahoo.co.uk',NULL,'$2y$10$F3el/y8QKzAqosAcFksSVeh6BQ6ALYzCyTYaO4Ke0OJwFNCxHH5DG',NULL,NULL,NULL,NULL),(215,'SEBOULO Parfait','cparfaitseboulo@yahoo.fr',NULL,'$2y$10$F3el/y8QKzAqosAcFksSVeh6BQ6ALYzCyTYaO4Ke0OJwFNCxHH5DG',NULL,NULL,NULL,NULL),(216,'Senga Sembuche','sengasembuche@yahoo.co.uk',NULL,'$2y$10$F3el/y8QKzAqosAcFksSVeh6BQ6ALYzCyTYaO4Ke0OJwFNCxHH5DG',NULL,NULL,NULL,NULL),(217,'Seogo Hamadou ','seogoph@gmail.com',NULL,'$2y$10$ZdHdVrs3/hUv1bDqH9lkfumsF/Fgez4mM3E8bkABy0qLjLsYoV5xS','rXUxBBI07oKvknJiPsuRQSJgeCUSnwENog5Asrd1p0MTUMuUkFFUGvXWrscx',NULL,'2023-05-02 11:27:51',NULL),(218,'Shannon Fulton','fqshannon@gmail.com',NULL,'$2y$10$F3el/y8QKzAqosAcFksSVeh6BQ6ALYzCyTYaO4Ke0OJwFNCxHH5DG',NULL,NULL,NULL,NULL),(219,'Sheba Gitta','shebagitta@gmail.com',NULL,'$2y$10$F3el/y8QKzAqosAcFksSVeh6BQ6ALYzCyTYaO4Ke0OJwFNCxHH5DG',NULL,NULL,NULL,NULL),(220,'Dr Irene Kyamwine Byakatonda','ikyamwine@musph.ac.ug',NULL,'$2y$10$VQJJzZv3lgBzsgNXVEgjl.G4G4qLdbzTmCy3y3kSJqPfnss8AJ80i','jeHHcWas9Cc8Bwp2sNCrBKPlEvMYBYCQlnygjZbzyoawIGdX7HagzpbbAJy6',NULL,'2023-05-13 19:40:25',NULL),(221,'Keita Hanine','hankeit77@gmail.com',NULL,'$2y$10$Zjh1cukQ4WcgE4Dg481MtOrlwd7q0m1S9rQG/i6UMCl1BopXjsgVW','Rm8SDK4nD2QIiEfJp4zP6RnO3wRs0dbEJeoueBfu2hlbcqf77hGQtmiOZk8I',NULL,'2023-05-17 13:05:43',NULL),(222,'Singh Tusha','ydl1@cdc.gov',NULL,'$2y$10$F3el/y8QKzAqosAcFksSVeh6BQ6ALYzCyTYaO4Ke0OJwFNCxHH5DG',NULL,NULL,NULL,NULL),(223,'Stephen Olayinka ','ileolasteve@yahoo.co.uk',NULL,'$2y$10$57WFaf1lOLzWbRsh9xrDNeisx5h5wa2AiMv.m/LvC0PhoOzHuAag.','vKfkcBfy2W6CViB4Z0qTK8ohxpXbLqlUsKQ0948CGMPJs2hy5CoCG9Eqhxn8',NULL,'2023-04-29 15:47:38',NULL),(224,'Steve Weirsma','sow9@cdc.gov',NULL,'$2y$10$F3el/y8QKzAqosAcFksSVeh6BQ6ALYzCyTYaO4Ke0OJwFNCxHH5DG',NULL,NULL,NULL,NULL),(225,'Steven Kabwama','skabwama@musph.ac.ug',NULL,'$2y$10$F3el/y8QKzAqosAcFksSVeh6BQ6ALYzCyTYaO4Ke0OJwFNCxHH5DG',NULL,NULL,NULL,NULL),(226,'Steven Ssendagire','stevenssendagire@gmail.com ',NULL,'$2y$10$F3el/y8QKzAqosAcFksSVeh6BQ6ALYzCyTYaO4Ke0OJwFNCxHH5DG',NULL,NULL,NULL,NULL),(227,'Sugarman David','ggi4@cdc.gov>',NULL,'$2y$10$F3el/y8QKzAqosAcFksSVeh6BQ6ALYzCyTYaO4Ke0OJwFNCxHH5DG',NULL,NULL,NULL,NULL),(228,'Angela Kisakye','angelakisakye@gmail.com',NULL,'$2y$10$VxF8GeB2qJrRX7ctZC454OpxrKqACAoMmfBFF1NUIR7pzNRp5us46','sohO3DrbUWIVlj3jnvSA9zR5I2ZSeAUdwMCABp88ODdfnc9BGhz0WxEDDsl8',NULL,'2023-05-29 13:43:37',NULL),(229,'Dr Ben Masiira','ben.masiira@musph.ac.ug',NULL,'$2y$10$iiDiHrf8QYFdbHbGGO6h6OgqXBpf76f4W2kIMEpz42UeobbqHb7A2','IJUjIYPuLB78IQM8ijKRNzuvlvy3OR4CiHtjbYRFe0bIXA8ZD2jWbRrch6vO',NULL,'2023-05-30 12:59:14',NULL),(230,'Tariku Tekele ','ttariku@afenet.net',NULL,'$2y$10$0KGKLq0dQq7mHlCEJuHjKO2hqHUp4zyrZRJWTEoKPelG9HJ0Bbn0e','xGA5vwVLbYhcfDFEhVkr4V0bqGCQCPjnnMHF8C1S2gNFV17WmMovizkdqpUV',NULL,'2023-05-03 18:36:40',NULL),(231,'Tatek Bogale','btatek@afenet.net',NULL,'$2y$10$Ol.eJ23yPh3NBTNCvMZCOe7yTfTiJuUeASP58iU2wEPzgUyS39V7W',NULL,NULL,NULL,NULL),(232,'Tchalla Abalo','tchanaldinio@yahoo.fr',NULL,'$2y$10$SBiruFAZlG56kcLgmrPYUe2X.uBgJr09j7gwyDh9DlTiF310jQtJy','DLkdloA1na0VGrl4WLzlHDRNmY1LWzoU3ReyQbYVy5JGpIApUeT9TWzK7hQy',NULL,'2023-05-24 21:30:32',NULL),(233,'TEKPA Gaspard','tekpagaspard@yahoo.com',NULL,'$2y$10$F3el/y8QKzAqosAcFksSVeh6BQ6ALYzCyTYaO4Ke0OJwFNCxHH5DG',NULL,NULL,NULL,NULL),(234,'Tesfaye Digaffe','tdigaffe@yahoo.com',NULL,'$2y$10$F3el/y8QKzAqosAcFksSVeh6BQ6ALYzCyTYaO4Ke0OJwFNCxHH5DG',NULL,NULL,NULL,NULL),(235,'Tippavan Nagachinta','txn3@cdc.gov',NULL,'$2y$10$F3el/y8QKzAqosAcFksSVeh6BQ6ALYzCyTYaO4Ke0OJwFNCxHH5DG',NULL,NULL,NULL,NULL),(236,'Titi Olugbade','titilope_nc@yahoo.com',NULL,'$2y$10$F3el/y8QKzAqosAcFksSVeh6BQ6ALYzCyTYaO4Ke0OJwFNCxHH5DG',NULL,NULL,NULL,NULL),(237,'Traore Bouyagui','bouyaguitra@gmail.com',NULL,'$2y$10$h4Bc8y1dvt9cNan6eiM86uwlhpM8QU22v4JQe6nsHz4iBqR5BjZeW','sCUm8hRLumIfBQ5JHEouAzBA5I5gu8VvgSMFMKof1n5v76cQfOmyIYyocqSc',NULL,'2023-04-28 10:29:10',NULL),(238,'Tsedeke Hailemariam','tswmh2006@gmail.com',NULL,'$2y$10$F3el/y8QKzAqosAcFksSVeh6BQ6ALYzCyTYaO4Ke0OJwFNCxHH5DG',NULL,NULL,NULL,NULL),(239,'Tsitsi Juru','tsitsijuru@gmail.com',NULL,'$2y$10$F3el/y8QKzAqosAcFksSVeh6BQ6ALYzCyTYaO4Ke0OJwFNCxHH5DG',NULL,NULL,NULL,NULL),(240,'Tura Boru','turaboru@gmail.com',NULL,'$2y$10$F3el/y8QKzAqosAcFksSVeh6BQ6ALYzCyTYaO4Ke0OJwFNCxHH5DG',NULL,NULL,NULL,NULL),(241,'Uzoma Ugbonna','uogbonna@afenet.net',NULL,'$2y$10$MwVdCASXezVn8uJBbNrFW.HBtAKkG7OSHJL2PUTvFDzXDn7HuwYb2','UAtyIKQB7F4mxfVz5OjgCUSnPJySfIjWvaAzUD4dGaZOdrS0jTyzbxRQJHD2',NULL,'2023-05-14 20:14:22',NULL),(242,'Vincent Mutabazi ','vmutabazi@afenet.net',NULL,'$2y$10$F3el/y8QKzAqosAcFksSVeh6BQ6ALYzCyTYaO4Ke0OJwFNCxHH5DG',NULL,NULL,NULL,NULL),(243,'Waqo Boru','wboru@feltp.or.ke',NULL,'$2y$10$F3el/y8QKzAqosAcFksSVeh6BQ6ALYzCyTYaO4Ke0OJwFNCxHH5DG',NULL,NULL,NULL,NULL),(244,'Wede Himiede','whwhimwil3@yahoo.com',NULL,'$2y$10$F3el/y8QKzAqosAcFksSVeh6BQ6ALYzCyTYaO4Ke0OJwFNCxHH5DG',NULL,NULL,NULL,NULL),(245,'Wilbrod Mwanje','wmwanje@afenet.net',NULL,'$2y$10$9GCZy2MYrgYRgrgU5DrWGebpvAkW/m09PEule.cVwm5L/DjtW5hRi','XSyl8AhV2blMTYArYZFWQrXQM7LlLJCqq3kgQZ9rAWBpQOSRQSiOIbq5mEs0',NULL,'2023-05-03 12:44:35',NULL),(246,'Winyi Kaboyo','winyikaboyo@yahoo.com',NULL,'$2y$10$F3el/y8QKzAqosAcFksSVeh6BQ6ALYzCyTYaO4Ke0OJwFNCxHH5DG',NULL,NULL,NULL,NULL),(247,'YAGATA MOUSSA Felicite','fe_yagata@yahoo.com',NULL,'$2y$10$urkSDq7HNMXjMi8UDRT.ueY9XzytLQJhKk5guXW4CT5iOuEmlJRhi','ZvIPTwcD7wDsTVkSF76nx0j5OsFGNDn12avq3lxGfveIsfRKe6LWh4Gz9HWf',NULL,'2023-04-28 12:00:26',NULL),(248,'Yassa Djakani','yndjakani@gmail.com',NULL,'$2y$10$QOouuaOqoeOzMrT9m.1VFu3XFnSis/U4pidkbMvZs2U79q9lOZ2x.','okrxZB9teWQAG1QgDNGP6FqoT1bc8Uisz7EyBo9VXsG2kjngZ0657KrMf9sm',NULL,'2023-05-05 18:07:54',NULL),(249,'Yaya Ballayira','yballayira@afenet.net',NULL,'$2y$10$Vl.23U29d2GS1YOy138EmOIVZns7Uklx2Ea.afb5uu1W8SKMzxt1i','ZhZcgnL7UMcclcB5cmBi1EZs5l7szTWJ0TqQQnxjAQYSezOkQJC5ZXeaQnx4',NULL,'2023-05-02 05:57:15',NULL),(250,'Zegeye Hailemariam','zegeyehailemariam@yahoo.com',NULL,'$2y$10$F3el/y8QKzAqosAcFksSVeh6BQ6ALYzCyTYaO4Ke0OJwFNCxHH5DG',NULL,NULL,NULL,NULL),(251,'Zeinab Gura','zgura1846@gmail.com',NULL,'$2y$10$F3el/y8QKzAqosAcFksSVeh6BQ6ALYzCyTYaO4Ke0OJwFNCxHH5DG',NULL,NULL,NULL,NULL),(252,'Abdelsadick Hidjab Abdoulaye',' ahidjab@yahoo.fr',NULL,'$2y$10$F3el/y8QKzAqosAcFksSVeh6BQ6ALYzCyTYaO4Ke0OJwFNCxHH5DG',NULL,NULL,NULL,NULL),(253,'Obafemi Babalola','jbabalola@afenet.net',NULL,'$2y$10$EqeZivRyoiSuG.58ezrb8ew0CoeOtNiY2SNNe10m5FOx1mtEw4/La','DYcbXCIvI88jeQrl4tPFZ8UOy17fdA8M2c0OIfTczDboAn9fI9fhaOREspRr',NULL,'2023-05-17 15:40:03',NULL),(254,'Emma Omus','eomus@afenet.net',NULL,'$2y$10$xMcKZipC/rfffOpxKIdiqOaUzNX6DKNGBxbqg.JH/qFA6HcxaiSfe',NULL,'2023-05-17 12:21:07','2023-05-17 12:21:07',NULL);


