
--
-- Table structure for table `titles`
--

CREATE TABLE `titles` (
  `id` bigint unsigned NOT NULL AUTO_INCREMENT,
  `name` varchar(255) COLLATE utf8mb4_unicode_ci NOT NULL,
  `created_at` timestamp NULL DEFAULT NULL,
  `updated_at` timestamp NULL DEFAULT NULL,
  PRIMARY KEY (`id`)
) ENGINE=InnoDB AUTO_INCREMENT=7 DEFAULT CHARSET=utf8mb4 COLLATE=utf8mb4_unicode_ci;

--
-- Dumping data for table `titles`
--

INSERT INTO `titles` VALUES (1,'Mr.','2024-11-04 03:24:14','2024-11-04 03:27:15'),(2,'Mrs.','2024-11-04 03:24:19','2024-11-04 03:27:20'),(3,'Ms.','2024-11-04 03:24:22','2024-11-04 03:27:29'),(4,'Dr.','2024-11-04 03:24:26','2024-11-04 03:27:49'),(5,'Prof.','2024-11-04 03:24:32','2024-11-04 03:27:56');

--
-- Table structure for table `users`
--

CREATE TABLE `users` (
  `id` bigint unsigned NOT NULL AUTO_INCREMENT,
  `name` varchar(255) COLLATE utf8mb4_unicode_ci NOT NULL,
  `title_id` bigint unsigned NOT NULL,
  `first_name` varchar(255) COLLATE utf8mb4_unicode_ci NOT NULL,
  `last_name` varchar(255) COLLATE utf8mb4_unicode_ci NOT NULL,
  `middle_name` varchar(255) COLLATE utf8mb4_unicode_ci DEFAULT NULL,
  `organization` varchar(255) COLLATE utf8mb4_unicode_ci NOT NULL,
  `designation` varchar(255) COLLATE utf8mb4_unicode_ci NOT NULL,
  `gender` enum('male','female') COLLATE utf8mb4_unicode_ci NOT NULL,
  `country_id` bigint unsigned NOT NULL,
  `country_of_departure` varchar(255) COLLATE utf8mb4_unicode_ci NOT NULL,
  `fetp_status_id` bigint unsigned NOT NULL,
  `fetp_tier_id` bigint unsigned NOT NULL,
  `workshop_id` bigint unsigned NOT NULL,
  `mobile_country_code` bigint unsigned NOT NULL,
  `mobile_phone_number` varchar(255) COLLATE utf8mb4_unicode_ci NOT NULL,
  `country_of_work_id` bigint unsigned NOT NULL,
  `visa_required` enum('yes','no') COLLATE utf8mb4_unicode_ci NOT NULL,
  `email` varchar(255) COLLATE utf8mb4_unicode_ci NOT NULL,
  `email_verified_at` timestamp NULL DEFAULT NULL,
  `password` varchar(255) COLLATE utf8mb4_unicode_ci NOT NULL,
  `remember_token` varchar(100) COLLATE utf8mb4_unicode_ci DEFAULT NULL,
  `created_at` timestamp NULL DEFAULT NULL,
  `updated_at` timestamp NULL DEFAULT NULL,
  PRIMARY KEY (`id`),
  UNIQUE KEY `users_email_unique` (`email`),
  KEY `users_title_id_foreign` (`title_id`),
  KEY `users_country_id_foreign` (`country_id`),
  KEY `users_fetp_status_id_foreign` (`fetp_status_id`),
  KEY `users_fetp_tier_id_foreign` (`fetp_tier_id`),
  KEY `users_workshop_id_foreign` (`workshop_id`),
  KEY `users_mobile_country_code_foreign` (`mobile_country_code`),
  KEY `users_country_of_work_id_foreign` (`country_of_work_id`),
  CONSTRAINT `users_country_id_foreign` FOREIGN KEY (`country_id`) REFERENCES `countries` (`id`) ON DELETE CASCADE,
  CONSTRAINT `users_country_of_work_id_foreign` FOREIGN KEY (`country_of_work_id`) REFERENCES `countries` (`id`) ON DELETE CASCADE,
  CONSTRAINT `users_fetp_status_id_foreign` FOREIGN KEY (`fetp_status_id`) REFERENCES `fetp_statuses` (`id`) ON DELETE CASCADE,
  CONSTRAINT `users_fetp_tier_id_foreign` FOREIGN KEY (`fetp_tier_id`) REFERENCES `fetp_tiers` (`id`) ON DELETE CASCADE,
  CONSTRAINT `users_mobile_country_code_foreign` FOREIGN KEY (`mobile_country_code`) REFERENCES `countries` (`id`) ON DELETE CASCADE,
  CONSTRAINT `users_title_id_foreign` FOREIGN KEY (`title_id`) REFERENCES `titles` (`id`) ON DELETE CASCADE,
  CONSTRAINT `users_workshop_id_foreign` FOREIGN KEY (`workshop_id`) REFERENCES `workshops` (`id`) ON DELETE CASCADE
) ENGINE=InnoDB AUTO_INCREMENT=176 DEFAULT CHARSET=utf8mb4 COLLATE=utf8mb4_unicode_ci;

--
-- Dumping data for table `users`
--

INSERT INTO `users` VALUES (8,'user',4,'Adamu','Addissie',NULL,'Addis Ababa University','AAU','male',17,'17',3,3,2,17,'0911404954',17,'yes','adamuaddissie@gmail.com',NULL,'$2y$12$X2ZGx1jS3sU8w4RopXg4meWbo6Bga/6QHgNyfLzBnS7ao.E.yOP7m',NULL,'2024-11-09 09:15:34','2024-11-09 09:15:34'),(10,'user',1,'Michael','Nkanika',NULL,'AFENET','WSA','male',47,'1',3,4,2,47,'775961273',47,'yes','michaelnkanika@gmail.com',NULL,'$2y$12$88TzoDrsD1KVkkLXNvkZhO0WN.6bi.E4Wx3Qdbl6c/qlBxHMSgOfq',NULL,'2024-11-12 05:58:55','2024-11-12 05:58:55'),(11,'user',4,'Adamu','Addissie',NULL,'Addis Ababa University','Academic Coordinator','male',17,'1',3,3,3,17,'0911404954',17,'yes','adamu.addissie@aau.edu.et',NULL,'$2y$12$pPL2AIAnAmhk2/0A4BE5jeVMsT.qnmq8C2TXn45sCzWWBruRxRk3W',NULL,'2024-11-12 11:33:40','2024-11-12 11:33:40'),(12,'user',4,'Refaat','Hanna',NULL,'US-CDC','Epidemiologist ','male',17,'1',3,4,3,17,'911512234',17,'yes','lry8@cdc.gov',NULL,'$2y$12$FwCnABcUfCRa9GMDP04XRejVovwuM9iRgLD41/GrHC6xbIGZ4Laoi',NULL,'2024-11-12 11:39:20','2024-11-12 11:39:20'),(13,'Tolcha Kebebew Motuma',4,'Tolcha Kebebew','Motuma',NULL,'US CDC','PHS for FETP','male',17,'1',3,4,2,17,'911509328',17,'yes','qvf4@cdc.gov',NULL,'$2y$12$KxkZ141UKpqs0ZGauJO5Sesy3hSeRsdcwoGmkXo6lLpWw/A/uMIhy','LunQMpwuhPUgDKCfFHHU2RPt4bvEAUBX9gyojdAJ2KgYEbw9y9Ad5cpmQunk','2024-11-12 11:50:37','2024-11-25 10:44:17'),(14,'user',4,'Zegeye ','Tessema','Hailemariam','MOH','coordinator/Advisor','male',17,'1',3,4,2,17,'+251911665648',17,'yes','zegeyehailemariam@yahoo.com',NULL,'$2y$12$Wm8KR9szl0A2GpbWSNDbh.3r.ePEJxiiNH8duZ8WXl3glalA5.ZS.','u2aSmcZKj2WcaU88NsTMczfwHkxuKCE9axYh2y3P6j2674r4e7maniGcQLMF','2024-11-12 12:00:02','2024-11-12 12:00:02'),(18,'user',1,'Abebe','nega','Dires','Bahir Dar University','PhD student','male',17,'1',3,4,2,17,'+251921559907',17,'yes','abede9907@gmail.com',NULL,'$2y$12$CL7D1rT7/v7wX825yd.iyuvEh0WafqrV6UCt0HvUGuPP.bi0S3AWK',NULL,'2024-11-15 14:46:09','2024-11-15 14:46:09'),(19,'user',1,'Michael','Nkanika',NULL,'AFENET','WSA/DBA','male',47,'1',3,4,2,47,'0775961273',47,'yes','mnkanika@afenet.net',NULL,'$2y$12$1lDyNi2jBlS/lYQTB0EOlefygQV6.8KLFYg.w5ukP3hF8Fmz2/2o6',NULL,'2024-11-16 07:59:56','2024-11-16 07:59:56'),(20,'user',1,'Tesfaye Digaffe','Damte',NULL,'MoH Ethiopia','FETP Coordinator','male',17,'1',4,4,7,17,'0912111224',17,'yes','tdigaffe@gmail.com',NULL,'$2y$12$8zFo496Ya6qUDPaEXKYga.41lK02njsXRcLe7F2QWONlCs6JEIr7i','SRhAAY9Iy37l8SrCZ7knKzkxYSm3j3cGDn98Ljj6KzKDw8J8QW30ZmoqV5ZX','2024-11-17 23:47:59','2024-11-17 23:47:59'),(21,'user',1,'Michael','Gatam',NULL,'Uganda FELTP','Resident','male',47,'1',2,3,3,47,'703145040',47,'yes','gatamamichael@gmail.com',NULL,'$2y$12$UxGm5Lz0Nik1NcMgFoHXEu7BoDdpv8fXXKs4a8cFBYTeztkj5vw92',NULL,'2024-11-18 05:57:54','2024-11-18 05:57:54'),(22,'Melaku Abebe',1,'Melaku','Abebe',NULL,'APHI','Resident','male',17,'1',2,3,8,17,'0926126227',17,'yes','melaku.abebe28@gmail.com',NULL,'$2y$12$NZqjh7eIBAgZjufHLsnORuSKrahy3wK6UGHCem1LLstgujVgB5y7a','3BwW42OGR8rxd2B3jnUftMKIOjp1RGvFr9ZTr3HgMd7rCWZdONYRo6VRwOeQ','2024-11-18 08:00:42','2024-11-18 08:01:46'),(23,'user',4,'Yonas ','Mezemir','Abebe','Ministry of Health, Ethiopia','Data Manager','male',17,'1',4,3,8,17,'933238686',17,'yes','yonasabebe3367@gmail.com',NULL,'$2y$12$5OswxMsnD8O.TqPKQaAHLuDCMCVeIiMTdtfPSgSzT8ZmJ.QDjEfZ.',NULL,'2024-11-18 12:48:19','2024-11-18 12:48:19'),(24,'user',1,'munir','Makumbi',NULL,'AFENET','IT','male',47,'1',3,4,2,47,'750063770',47,'yes','mmakumbi@afenet.net',NULL,'$2y$12$XeLKw3F/AwuptiaYijLUouc1TGNzXMD6mLvj.aqsv5xC34qZ9YG6G',NULL,'2024-11-18 13:14:54','2024-11-18 13:14:54'),(25,'user',1,'Ejigu  ','Zeleke','Gebeye','University of Gondar','Associate Professor ','male',17,'1',6,4,13,17,'942044247',17,'yes','ejigugebeye@gmail.com',NULL,'$2y$12$S7u0qmQ4GtLmMollX1Bea.p6pyT14SFgc/0nVkWdOz81Fbv7X70zq','RBlKvLpvV5pAmVnn3Y9fZq5mXA8ZQOjzZCYI0dwuJoGH7E5dAck1QCL7Rm39','2024-11-18 14:10:55','2024-11-18 14:10:55'),(26,'user',1,'Nigatu','Desta','Admasu','Southwest Ethiopia Regional Health Bureau','Public health emergency management  officer','male',17,'1',2,3,3,17,'0913069827',17,'yes','nig2admasu@gmail.com',NULL,'$2y$12$u7yB4ZkOKojaAUqpdGQj4eBKmmDjGKqEwl0BiZJ.XJXg7LyhDDjvK',NULL,'2024-11-21 18:30:15','2024-11-21 18:30:15'),(27,'user',1,'Elias ','Gessese ','Mulat ','Jimma University ','Assistant professor ','male',17,'1',3,4,11,17,'0910128182',17,'yes','elias.mulat@ju.edu.et',NULL,'$2y$12$ISUQ21cCSiAfUVFOaR9WJeJK0gXoZPrx7k74/poz1pbRrzCFANwCK',NULL,'2024-11-23 16:11:01','2024-11-23 16:11:01'),(28,'user',1,'Mulugeta','Detebo','Mathewos','St. Paul\'s Hospital Millennium Medical College','R1 Resident FETP ','male',17,'1',2,3,8,17,'9137045',17,'yes','mulugetamathewos36@gmail.com',NULL,'$2y$12$IQPKv5GzLDlfr0Mypbjml.vQ6XJ7MvBoIeddX061TYbn6uwt8r4da',NULL,'2024-11-23 18:44:51','2024-11-23 18:44:51'),(29,'user',1,'tsehaye','Araya','Dimtsu','Mekelle university','resident 1','male',17,'1',2,3,2,17,'900445583',17,'yes','tsehayemu@gmail.com',NULL,'$2y$12$Vj/TSaUrZIGuB5xfXL0Gqe64bT8vUvZkjLJKydwHFf4i.3TFTFNwC','gNwWTWiiO34qemPJa8IXV94sAqJTP7CzXlwyCsLjuoSRG8elQHGLJoulUyO5','2024-11-24 14:35:48','2024-11-24 14:35:48'),(30,'Atnafu kebede',1,'A','G','K','kaffa zone PHEM','PHEM officer','male',17,'1',2,3,11,17,'0921221758',17,'yes','atnafukebede11@gmail.com',NULL,'$2y$12$yp5TwJGZTCh1xL1qsmUvVeVzpskI4gnM64NBD0Ev4wAfOSAw4T9Te','90TluV7TCVTVfJQZJjSK3irfDPls0tK0MwetQQXhL0FrEpcyhVTuSTLA3L9h','2024-11-24 15:05:21','2024-11-24 16:37:07'),(31,'user',1,'Endalamaw','Abegaz','Salelew','University of Gondar','Lecturer','male',17,'1',6,1,10,17,'0910004711',17,'yes','esalelew@gmail.com',NULL,'$2y$12$DPa3MWqvDUoZkLnGeP0J4e53mpzmFwmXzddLSLg16awi.ft0yiIPC',NULL,'2024-11-24 16:09:52','2024-11-24 16:09:52'),(32,'user',1,'Mathewos','Wakemo','Tuke','HU','Resident','male',17,'1',2,3,2,17,'0916164196',17,'yes','mathewtk96@gmail.com',NULL,'$2y$12$cDsjmXedlYnJxtdIcCVZP.ISkXlVDqAtkp/cuixtom46nUYDY89GK',NULL,'2024-11-25 08:25:44','2024-11-25 08:25:44'),(33,'user',1,'Gebreanenia','Gebremamas','Gebretsadik','Mekelle university','Resident','male',17,'1',2,3,2,17,'0939755776',17,'yes','ananiatsadik178@gmail.com',NULL,'$2y$12$EZQEJpJCplNKYHUYn6mGcu6P7GdqIjmr4oYmki7idSWnqLBdssKGG',NULL,'2024-11-25 11:19:07','2024-11-25 11:19:07'),(34,'user',1,'Anteneh','Lendi','Tesfaye','Health office','Public health professional ','male',17,'1',1,3,12,17,'0917385373',17,'yes','antuyejimma@gmail.com',NULL,'$2y$12$1FqZOuoaQ9ExXIjIuqHImucbDMKUdpq/cZF4cTKbNaqw/I5eQnJZa',NULL,'2024-11-25 13:19:03','2024-11-25 13:19:03'),(35,'user',4,'JEDIDAH','KIPROP','Wangechi','KFELTP','Epidemiologist','female',24,'1',1,3,3,24,'782102866',24,'yes','jedidah.kiprop@gmail.com',NULL,'$2y$12$cVWt2rsbdFP81tHDwBFjHuEGNa/i/gBjYvCo2yNzLL7LaTpAujjr6','xxrAvyYyJUjr4aUHGfc78qJ0FP3Bjuo6SNPmAnnxCTk3up71IKxdFfKXnRKT','2024-11-25 17:24:30','2024-11-25 17:24:30'),(36,'user',1,'Mehari ','Ararsa ','Fereja ','Mekelle University ','Field Epidemiology resident  ','male',17,'1',2,3,5,17,'914422234',17,'yes','meharifereja@gmail.com',NULL,'$2y$12$92zmaavWfy6qyRgroA4Q/eek0Ttgn/z0F72L..RCouKB1G/VCmmIi',NULL,'2024-11-26 05:27:47','2024-11-26 05:27:47'),(37,'user',1,'Adebabay','Dessie','Manchilo','University of Gondar','Field Epidemiology resident','male',17,'1',2,3,7,17,'0919268393',17,'yes','adebabaydessie609@mail',NULL,'$2y$12$FJsng0O7ipQGZtRTighaJ.R4R34MsfJx4G2M9gNbYug.O0ofqWG26',NULL,'2024-11-26 07:17:02','2024-11-26 07:17:02'),(38,'user',1,'Adebabay','Dessie','Manchilo','University of Gondar','Public health Officer','male',17,'1',2,3,13,17,'0919268393',17,'yes','adebabaydessie609@mail.com',NULL,'$2y$12$gEcsAty3cpi6fo2Z6rIfeeaOZpr6Vx5GL4mMKxbaFxDMiPGQMXOYO','r5eILgOkha0AGLfzD8fZCtXmBF9KivVEfmB6JspgKyXRbQJcxRXhciDzzknF','2024-11-26 07:32:42','2024-11-26 07:32:42'),(39,'user',1,'Desalew','Mulu','Gebey','Jimma University','Field epidemiology Resident ','male',17,'1',2,3,3,17,'+251918119772',17,'yes','mdessye12@gmail.com',NULL,'$2y$12$KNHMxO9iMwnWfl61dMnWx.g/lJnmqtbJ05z1LIZB82MQbkVYSzjnm',NULL,'2024-11-26 08:33:43','2024-11-26 08:33:43'),(40,'user',1,'Melaku','Haile','Girma','Oromo Zone Health Department','Planning, Monitoring and Evaluation Officer','male',17,'1',1,3,7,17,'0913475594',17,'yes','melakugirma2005@gmail.com',NULL,'$2y$12$FLmjeZO2If7KuK17bVU75ujcWb/fH.leKwTWeQk3XJeBlIoihI07C',NULL,'2024-11-26 12:24:52','2024-11-26 12:24:52'),(41,'user',1,'Fentahun','Worku','Agegnehu','Afar Public Health and Research Institute','Public Health Emergency Management Officer','male',17,'1',1,3,3,17,'928433987',17,'yes','fentishmw@gmail.com',NULL,'$2y$12$0GcVplBVi8/mdfeAmt0fMOGSqcR3/hz/TvBZKg1dJ2lAfs8Z5KbUG',NULL,'2024-11-26 12:54:54','2024-11-26 12:54:54'),(42,'user',1,'Gewogs','Hailemariam','Gidey','Mekelle University ','Student','male',17,'1',2,3,13,17,'0980460555',17,'yes','amoraalula29@gmail.com',NULL,'$2y$12$/Qonwe0ippOEi4iJhdvSlevGLFqNjwVHNZPWPEDxdYCa7hAOZ5IKq',NULL,'2024-11-26 14:40:46','2024-11-26 14:40:46'),(43,'user',4,'Araya','Desta','Girmay','Mekelle University','Resident','male',17,'1',2,3,2,17,'+251910304222',17,'yes','arayagirmay23@gmail.com',NULL,'$2y$12$q0x1vR7YdtDYj.72NjDXxulQaIVpWZP3LZ7gvURUCHFSLhABzIa3i',NULL,'2024-11-26 15:16:28','2024-11-26 15:16:28'),(44,'user',2,'Meharit','Weldegiorgis','Teklu','Mekelle University','Resident','female',17,'1',2,3,2,17,'+251931564988',17,'yes','meharitw88@gmail.com',NULL,'$2y$12$46l2oqdnJEVyULjo1HEMHuQlOVtJJNSaEX79fYDxUu4GzhLB8Tq8i',NULL,'2024-11-26 17:34:04','2024-11-26 17:34:04'),(45,'user',1,'Tsegazeab','Araya','Tsefay','Mekelle University ','FETP resident','male',17,'1',2,1,8,17,'0910217566',17,'yes','araya.tsegazeab22@gmail.comCurrent',NULL,'$2y$12$FolTOyn7eloCoW.fgL1j7ui1BpMepMPykprhp.h3mjWn.iXVM8bma','BDUyIiRbzKoiEzDNWf07ofNmr53wH7Skdot5R9XOjAcXeAzd3bJmRbcVA3eV','2024-11-26 21:02:01','2024-11-26 21:02:01'),(46,'user',1,'Amare','Abate','Yirga','University ofGondar','resident','male',17,'1',2,3,10,17,'933096904',17,'yes','yirgaamare3@gmail.com',NULL,'$2y$12$UCLX33fDn.9vkpVixKXSoejCLKHMPpirnwchV.QN8QjlJ0CHOQQ9i','9ilDmhQ5CPG56GYc0zDXv5wQ0dxMg5OntKwMssM2RpBHnWofHPWvfBnNIE7D','2024-11-27 16:38:49','2024-11-27 16:38:49'),(47,'user',1,'Tesfaye','Solomon',NULL,'Ethiopian Public Health Institute','Public Health Emergency Management Officer','male',17,'1',5,3,11,17,'920117147',17,'yes','soltesfaye50@gmail.com',NULL,'$2y$12$xDhnXVlIqHXgFjh4LtMmMOQzUHablD8PGWee9izghWF5RIyd6Z9zu',NULL,'2024-11-28 09:23:09','2024-11-28 09:23:09'),(48,'user',1,'ANTENEH','TEMESGEN','ANMAW','Bahir Dar University','EFELTP Resident at Amhara Public Health Institute','male',17,'1',2,3,2,17,'933437148',17,'yes','anteneh2129@gmail.com',NULL,'$2y$12$JUL8bdicsglTJ0lqQN77l.rpmel4A5512VOvXQExTsFXSnt1uaQhK','e5Gw0Dca1dOPwF02alRX1SD8GqtE8VlVKcr2k2Mcqaa1swMWo5c47QBzfmyr','2024-11-28 12:04:40','2024-11-28 12:04:40'),(49,'user',1,'Tsegay','Kinfe','Berhane','Mekelle University','Resident','male',17,'1',2,3,3,17,'+251939047382',17,'yes','tsegayb04@gmail.com',NULL,'$2y$12$hygHlobAx2B9zUxVfNZEkOn0bT8M.P4cHU9Qv5qcSGrjMU.ZYX3R2',NULL,'2024-11-28 12:05:13','2024-11-28 12:05:13'),(50,'user',1,'Yohannes','Tezera','Sintayehu','Debark Town health office','Officer','male',17,'1',5,3,2,17,'0918571769',17,'yes','yohannessintayeh@gmail.com',NULL,'$2y$12$NiD9OnY7U9Bj7zOoKzDsc.NOLOq70DEEsEzLMXKXPZEwgIdAHYcqS',NULL,'2024-11-28 18:14:16','2024-11-28 18:14:16'),(51,'user',1,'Yohanis','Ayana','Tesfaye','Addis Ababa University','Phem survelliance','male',17,'1',2,3,2,17,'0917726243',17,'yes','keetoraanjohn@gmail.com',NULL,'$2y$12$rN82uNtKvz7e2JE/v79HIeGwZ7CwqyeAr/wCCCKHtzS6K7tw3ly5i',NULL,'2024-11-30 14:57:27','2024-11-30 14:57:27'),(52,'user',1,'Mekonnen','Alemayehu','Sisay ','University of Gondar','Researcher','male',17,'1',6,4,9,17,'0918076041',17,'yes','mekudesu@gmail.com',NULL,'$2y$12$hr7t6au0Dmt4odU/VCLLG.Oyux0b05YBCjqHssVYcqypERd45sWjC',NULL,'2024-11-30 18:07:10','2024-11-30 18:07:10'),(53,'user',1,'Duol','Thiyang','Olock','Gambella Regional Health Bureau','Public health emergency management officer ','male',17,'1',2,3,8,17,'923812775',17,'yes','Duololock95@gmail.com',NULL,'$2y$12$1Bvt.4ylli1xaOb6afiU6OGr24nWR/2VvbRR5rIOLhUD4Ons.hrNi',NULL,'2024-12-01 06:53:48','2024-12-01 06:53:48'),(54,'user',1,'Mark','Dow','Koang','Ethiopia','Hc service Desk','male',17,'1',2,3,8,17,'0917164582',17,'yes','markkoangdow@gmail.com',NULL,'$2y$12$Gh16Y9ODjvPfpPafrhHF1e1p9YCYAgJi3RtZI8pJRHETBC7zgJcyy','x1uWp9riczgnU1IERzpLp0F0sUsSUkVXRmlosCs3R74H2TpKqreHsza1Bb74','2024-12-01 18:28:52','2024-12-01 18:28:52'),(55,'Seid Mohammed Seid',1,'Seid ','Seid','Mohammed','Bahir Dar universty','EFEP','male',17,'1',4,3,3,17,'913956224',17,'yes','mohammedseid6224@gmail.com',NULL,'$2y$12$ZfsuPSC1mwAqTiGGQ1gsHedrUbecydhEe/bYvlV6qT4U59pvrYJaa',NULL,'2024-12-02 18:56:57','2024-12-02 20:08:10'),(56,'user',1,'Begosew','Tamir','Muluneh','University of Gondar','EFELTP Resident','male',17,'1',2,3,8,17,'982980116',17,'yes','begosewbm19@gmail.com',NULL,'$2y$12$pFrDrgkznPrvsphiCpW12.ymCCfKHduClgcljhXJY30U3f3AO0mK.',NULL,'2024-12-02 19:39:32','2024-12-02 19:39:32'),(57,'Ashenafi Teklay Abrha',1,'Ashenafi','Abrha','Teklay','Mekelle university','Field Epidemiology resident','male',17,'1',2,3,9,17,'+251931100807',17,'yes','ashenafiteklay17@gmail.com',NULL,'$2y$12$Mk24K2M1Zd7BI65nnQ4reuDZLWAkf3lvwaRLaGtODnVurMNNELIEK',NULL,'2024-12-02 21:51:18','2024-12-03 06:02:27'),(58,'Ali Mohammed ',1,'Ali ','Wolle','Mohammed ','Kelala District Health Office ','Current Advance graduated of Field Epidemiology ','male',17,'1',3,3,2,17,'0933268955',17,'yes','alimahammed201@gmail.com',NULL,'$2y$12$.NcmStyWmL4kH8JWULJ//u8MTTfNemARr/qVJ3E.AfZDHRIyAmHOK','9VmBD582NR0XylAb7Aplpjmb6IEBMnpv0qLJaIeomAM25gsrtAdvhblPjZfb','2024-12-03 12:20:00','2024-12-07 02:33:42'),(59,'user',1,'ESHETIE','TSEGA','ALELIGN','University of Gondar','EFELTP Resident','male',17,'1',2,3,3,17,'+251 918297635',17,'yes','eshetiealelign08@gmail.com',NULL,'$2y$12$twTJUKmeEfJK9.4WStNDwuzz85CqrMdMcSvCQBDScB1o0H4g.qx.O',NULL,'2024-12-03 17:05:47','2024-12-03 17:05:47'),(60,'user',1,'Basha','Ayele',NULL,'Dilla University','Assistant Professor ','male',17,'1',6,1,12,17,'912196624',17,'yes','ayelebasha@gmail.com',NULL,'$2y$12$2quIT9XC/kgz3Un1zS5k2e7NDP5TaxXQclzJ7ag07u8xhRApOknvS',NULL,'2024-12-03 19:39:46','2024-12-03 19:39:46'),(61,'user',1,'Mesafint','Demlew','Mulugeta','University of Gondar','EFELTP Resident','male',17,'1',2,3,8,17,'0914655359',17,'yes','mesafintm47@gmail.com',NULL,'$2y$12$1xIlH.reSHBxOpg.cfF9BuiExHNG6KvxiWjpgFnS8fqJ4zfz1VqBO',NULL,'2024-12-04 09:39:20','2024-12-04 09:39:20'),(62,'user',1,'Fitsum','Habtemichael','Hagos','Ethiopian Public Health Inistitute','Public health emergency management officer','male',17,'1',1,3,3,17,'0913094553',17,'yes','fitsumatiru@gmail.com',NULL,'$2y$12$91yTHOM.Avm.Q4e.0k31r.djXm1AFjPFsvl26P5O3Asm6TyKZ/7q.',NULL,'2024-12-04 12:03:39','2024-12-04 12:03:39'),(63,'user',1,'Eyob','Esatu','Bura','Organization For Innovation and Sustainable Development Africa','Executive Director','male',15,'1',1,3,10,15,'73345089',15,'yes','isdafrica2013@gmail.com',NULL,'$2y$12$3hSUV7CZXH4cfFRQK84wq.UU4S9j1kOZB6nKPWBso8piuCzhSbkae',NULL,'2024-12-04 15:23:30','2024-12-04 15:23:30'),(64,'user',1,'Haile','welhet','Welemhert','Mekelle university','Filed epidemiology','male',17,'1',4,3,5,17,'929426625',17,'yes','hailewele29@gmail.com',NULL,'$2y$12$DcIvqphxLhrdxkCt0kKuQu5qX7d8bxHRgP8Tqm0ao2AvmMLvdYzAu','GcyhGPMSl6fnGlDAyWIogqyRuOwj9ByeCjibDXDXIs9el15cg3oOtay1I7ao','2024-12-04 18:05:14','2024-12-04 18:05:14'),(65,'user',1,'Addisu','Zewale','Adgolign','University of Gondar, Ethiopia','Field Epidemiology Graduate  ','male',17,'1',2,3,3,17,'+251 915 862 398',17,'yes','addisua417@gmail.com',NULL,'$2y$12$Spl9CoWQRu6PvfR/8OGMnup5tLEe5B4f4d8RJ5SkrOfK2zeZ/OhMS',NULL,'2024-12-05 06:59:04','2024-12-05 06:59:04'),(66,'user',2,'Etsehiwot ','Worku','Zemelak','ministry of health ethiopia','Advisor','female',17,'1',1,3,11,17,'913367020',17,'yes','etsezem@gmail.com',NULL,'$2y$12$Xe3gvdugvKbBqT4ZODsNROAz0aSAS1i2yJC5K4mBOAqBUxTttAQvW',NULL,'2024-12-05 07:06:41','2024-12-05 07:06:41'),(67,'user',1,'Birahnu ','Tsegaye ','Damtew ','Ethiopian Food and drug Authority ','Vaccine Safety and AEFI monitoring TA','male',17,'1',1,3,2,17,'0913640042',17,'yes','birhanudtsegaye@gmail.com',NULL,'$2y$12$n49.90c6HpvKvI1P6IE2deFyzZB6GQk.qE/MEmF5y.8wGTSORIy82',NULL,'2024-12-05 07:46:05','2024-12-05 07:46:05'),(68,'user',1,'Yohannes ','Masresha ','Shimelis ','Menz mama health department ','Public health emergency management coordinator ','male',17,'1',1,3,3,17,'937629421',17,'yes','johnshimelis03@gmail.com',NULL,'$2y$12$Pmii2IcgqeuNlzKsak7kKuYEYtUuAO6RE4Nn4f5JRM36Pm6IDGyKq',NULL,'2024-12-05 07:48:09','2024-12-05 07:48:09'),(69,'user',4,'Getachew','Mekonnen','Kabew','Haramaya University','Assistant professor','male',17,'1',6,1,9,17,'946353726',17,'yes','gechmicro@gmail.com',NULL,'$2y$12$sHrv3uOiOqsVP2TQEsuwIejMINZn.dmJ5PKJtX1M3RWhOyDhNytGy',NULL,'2024-12-05 09:03:19','2024-12-05 09:03:19'),(70,'user',4,'Tsion','Desalegn','Assefa','EPHI','Senior PHEM Technical Assistant','female',17,'1',4,2,3,17,'0941864340',17,'yes','tsionadw@gmai.com',NULL,'$2y$12$JAOpZrZmoSFbRu94NaRKcO5fhcJnREsHTHC5AxqNcf0.08zdeXJIW',NULL,'2024-12-05 14:47:21','2024-12-05 14:47:21'),(71,'user',1,'Teshale','Gebabo','Fikadu','Arba Minch University','PhD Fellow at Jimma university','male',17,'1',3,4,2,17,'0911721177',17,'yes','fikaduteshale1@gmail.com',NULL,'$2y$12$0WnCIPFGJPlbRSHtWmhSpud2igHGu2LbzYhgiONnTwblP67h1KFr2',NULL,'2024-12-05 15:59:33','2024-12-05 15:59:33'),(72,'user',1,'Abu','Alehegn','Jebril','Goverment','employ','male',17,'1',4,3,3,17,'0912443952',17,'yes','jebrilabu81@gmail.com',NULL,'$2y$12$KFCG4uQyHD4skTBZlu2BB.gH7fk5nA7jkX3P8i0N1O2GKsN.cBtHu',NULL,'2024-12-05 18:01:14','2024-12-05 18:01:14'),(73,'user',1,'Habtamu','Gedamu','Yingesu','University of Gondar','Resident','male',17,'1',2,3,3,17,'+251918495749',17,'yes','habtamuyingesu55@gmail.com',NULL,'$2y$12$YCi.mY6KiNduQFf5mjPc3e1WqpxMMwPPdeDJD.qvVu2qYcOCei8iW',NULL,'2024-12-05 19:53:52','2024-12-05 19:53:52'),(74,'user',1,'Asrat','Tegegne','Mekonnen','University of Gondar','Field Epidemiology ','male',17,'1',4,3,3,17,'0917786925',17,'yes','asrmekonn@gmail.com',NULL,'$2y$12$cD9Yi5w967cN0Iq2ABzU6uuYvhlsu9cLZllkCzFYBu.xtWMzpjPoe','pAR5h1EEsfwgfujtpyJT9zd75uLFh7VDMyz4pQeeL1XJHgXkH7CCL6icy8oE','2024-12-05 21:06:17','2024-12-05 21:06:17'),(75,'user',4,'Bperman','SIRI',NULL,'AfCDC','AES fellow','male',4,'1',3,3,2,4,'71783038',12,'yes','siribf@yahoo.fr',NULL,'$2y$12$OEpPbagGb6CIXFpbi0Ho7.sKM2l4ebww9oipvrs5QtIY1eC9oDn6q','cBLm35LneFxnDTQY23KfLlmrEAvicVlbOz4XoJp2JPk4ofOaWogqhfZWHvOz','2024-12-06 10:54:24','2024-12-06 10:54:24'),(76,'user',1,'Mohammed ','Ahmed ','Jemal ','Ethiopian Ministry of health ','Coordinator ','male',17,'1',1,3,5,17,'+251948127080',17,'yes','mamadijemal@gmail.com',NULL,'$2y$12$uWpR3vjBhXOnIwUQgLoGyOq.w94eFKCeQVtifEM5G1zL/128JfhHK',NULL,'2024-12-06 12:34:48','2024-12-06 12:34:48'),(77,'user',1,'Abiyie','Gashe','Demelash','St. Paul\'s Hospital Millennium Medical College','Recent Graduate','male',17,'1',2,3,3,17,'0945142918',17,'yes','abiyiedemelash@gmail.com',NULL,'$2y$12$lWrWZWltkOh2wfpCCnoM6eXx0QZHTlExKXWAvom08ORR.Fk6y8pfK',NULL,'2024-12-06 14:53:38','2024-12-06 14:53:38'),(78,'Yonas',1,'Yonas','Engida','Mamo','Haramaya University','Field Epidemiology Resident','male',17,'1',2,3,3,17,'973322091',17,'yes','yonasmamo423@gmail.com',NULL,'$2y$12$1A61/DsYG2LgCExgjk2/YeF95URRxZfEPibhDgNyJq9DS7z5MMGnC',NULL,'2024-12-06 15:57:46','2024-12-06 16:12:04'),(79,'Mekonnen Yimer',1,'Mekonnen','Sisay','Yimer','Gazgibla Woreda Health Office','Early Warning and Preparedness Officer','male',17,'1',1,3,13,17,'+251939170249',17,'yes','mekonnenmr@gmail.com',NULL,'$2y$12$mIDXMi7hnL5UP1HKM83hzuRrqSpcZFJDALWIfYj94GXzArAexFhoK',NULL,'2024-12-06 16:17:29','2024-12-06 17:17:15'),(80,'user',1,'ABEL','ALEMU','ABATE','Hawassa University','EFELTP Resident','male',17,'1',2,3,5,17,'0910354768',17,'yes','abelabate2123@gmail.com',NULL,'$2y$12$sMEe2gaPyV1PUQ8XU2zRA.zzhFHbRL.3Sck9zVTeDdHzCYaaEbD8m',NULL,'2024-12-06 16:46:37','2024-12-06 16:46:37'),(81,'user',1,'Bortola','Ayana','Abdisa','Ethiopian Public Health Institute','National Level COVID-19 and Other Emergency Response Technical Assistant','male',17,'1',1,3,11,17,'0910055936',17,'yes','bortolaabdisa21@gmail.com',NULL,'$2y$12$hdbFKQfBKKO.NcSN/YzaZen4WW1LCJudS70ktqmky9Z1cw5kBh6lu',NULL,'2024-12-06 18:17:08','2024-12-06 18:17:08'),(82,'user',1,'Robel','Tigu','Belay','Ethiopian Public Health Institute (EPHI)','PHEM officer','male',17,'1',1,3,3,17,'906306975',17,'yes','robelbelay01@gmail.com',NULL,'$2y$12$MfgHmCKAO6jj5nfkq7G3KuPy4g/TWrSe3O453L3H9CqQwzmRG0P8O',NULL,'2024-12-06 18:18:28','2024-12-06 18:18:28'),(83,'user',1,'Haileselassie ','Bidre','Bisrat','Tigray regional health bureau','STI officer','male',17,'1',4,2,12,17,'+251920870591',17,'yes','haileb51214@gmail.com',NULL,'$2y$12$wZHV13ETQ7YU7jrgS3JMXu/Abtz02zKyz/YUrKxwxkszgzuQIeDYy',NULL,'2024-12-06 19:11:22','2024-12-06 19:11:22'),(84,'user',1,'Zerihun','Belay','Kndu','St Paul’s Hospital Millennium Medical College ','Resident','male',17,'1',2,3,8,17,'0922094263',17,'yes','zerihunk222@gmail.com',NULL,'$2y$12$XMaJYaxaytXLS0OmHjNQ4.JevYHT//eHUY05wlQblFUlA1I9MT8be',NULL,'2024-12-06 19:48:37','2024-12-06 19:48:37'),(85,'user',1,'Deykanto','Urmale',NULL,'Konso zonal health department ','Head ','male',17,'1',3,3,8,17,'916126387',17,'yes','teykantosmart@gmail.com',NULL,'$2y$12$0Qn7KENRQs1r8PWfrQoROu29W3Vu2OliHKWSlCobWYeiYiwtENS7S',NULL,'2024-12-07 05:36:32','2024-12-07 05:36:32'),(86,'user',1,'Mohammed','Badeso','Hasen','Ethiopian Public Health Institute','Field Epidemiologist','male',17,'1',1,3,3,17,'0923728803',17,'yes','mydoc204@gmail.com',NULL,'$2y$12$2lJNvq4mkW2fQk5DfhMn1.RxzD9s.OAGRpMrcpLm4GqAYybTK95DK',NULL,'2024-12-07 13:25:03','2024-12-07 13:25:03'),(87,'user',1,'Desalegn','Begashaw ','Tesfaye','UoG','Resident','male',17,'1',2,3,3,17,'0919547494',17,'yes','desut1221@gmail.com',NULL,'$2y$12$9096SnkNhoAeAvj.sDy5WObMLuGFsvl.JbldRmVSawM1jjnwM7Wqe',NULL,'2024-12-08 00:22:51','2024-12-08 00:22:51'),(88,'user',1,'Demshu','Gedefa','Adugna','Guji zone','Public health emergency management ','male',17,'1',6,3,8,17,'0941481944',17,'yes','demsh43@gmail.com',NULL,'$2y$12$YAMdXy.iEVcfr5a4alNdi.6Il0.hHkdb..MN2bpE7MogBq3Ph3F4K',NULL,'2024-12-08 07:31:36','2024-12-08 07:31:36'),(89,'Dejene Tadesse',1,'Dejene','Tadesse','Jifar','Jimma University','Feild Epidemiology resident','male',17,'1',2,3,3,17,'+251922834940',17,'yes','dejetadesse40@gmail.com',NULL,'$2y$12$Fg2/lzoeKtGne/J3giHyheNeJ2qzzF81bRDQw2T8YLUb..bQ9KD6C',NULL,'2024-12-08 11:04:33','2024-12-08 11:22:06'),(90,'user',1,'Wonago','Tepisa','Petros','SPHI','PHEM officer','male',17,'1',1,3,3,17,'0948920232',17,'yes','wonapeter1991@gmail.com',NULL,'$2y$12$V3KLSLJBAWXJK2S9SPCVjetqs4HQuMeCfUm4Fatq.JXq2g3Z76wDy',NULL,'2024-12-08 14:11:39','2024-12-08 14:11:39'),(91,'user',1,'BIKILA','GOBENA','NEGESA','Jimma University','Resident','male',17,'1',2,3,11,17,'0912975565',17,'yes','sichanket2018@gmail.com',NULL,'$2y$12$rZKZSHXpIBgAJjyjfC5..uhTRBPtK9PY.SUMkPUA6t2ckIotICdOW',NULL,'2024-12-08 16:48:22','2024-12-08 16:48:22'),(92,'user',1,'Tesfaye','Melka','Getaye','Health Center','Phem officer','male',17,'1',2,3,2,17,'0910750810',17,'yes','tesfayegetaye75@gmail.com',NULL,'$2y$12$qaEGrKa5LISA0JMOh2.rkepPen6MYt5I9mi4DybJa9zUE9wQI4yQq',NULL,'2024-12-10 08:26:03','2024-12-10 08:26:03'),(93,'user',1,'Chalachew','Malore','Wangore','Central Ethiopia Public Health Institute','PHEM Officer','male',17,'1',2,3,13,17,'0910460381',17,'yes','yechaleww@gmail.com',NULL,'$2y$12$gSEedGVtdDCQZCqy.x.pu.JiXEsK3ya9BuPOn9n7g2pf09GaqNN9i',NULL,'2024-12-10 13:48:59','2024-12-10 13:48:59'),(94,'user',1,'Hika ','Terfa','Wakjira ','Burayu city','PHEM officer ','male',17,'1',1,3,5,17,'928739440',17,'yes','hikawakjira@gmail.com',NULL,'$2y$12$Z2MQQmRpY6XWNZX07ETh8eOTkB7GP2Tm60rg/ozRJ5L33mo57xTou','woW0mKwipeXLutuJ36WGWOnSZUqEtpzWRxlLxWQEWXIzVM9y6jsdxYCv8KDp','2024-12-10 15:33:09','2024-12-10 15:33:09'),(95,'user',1,'Jemal','Abdurrahman','Abdella','saint pauls Hospital medical millennium college (SPHMMC))','Resident II','male',17,'1',2,3,2,17,'910742129',17,'yes','jemala285@gmail.com',NULL,'$2y$12$CxZ6.0dhSnHATxKQGBU3XePO6d9xtgMQgeD0FsH/.7RtRk/zcVdfi','DmxVELJAeLrnCiqcNqUqubaMHffVzlWZmxiI7NII6tAIzTVVYyf1e77j2Izn','2024-12-11 12:00:01','2024-12-11 12:00:01'),(96,'user',1,'Zeleke','Agde','Dutamo','Wachemo University','Lecturer','male',17,'1',6,4,10,17,'0910489741',17,'yes','zeledutamo@gmail.com',NULL,'$2y$12$DMySd1Vfssh9XahNWXc96.4aibaJu1EqgCYOkTJb9ymWFwnK3i7xy',NULL,'2024-12-11 12:44:08','2024-12-11 12:44:08'),(97,'user',1,'Helio','Militao','Inacio Elias','INS','Field Epidemiologist','male',32,'1',3,3,3,32,'842255630',32,'yes','helio.militao@ins.gov.mz',NULL,'$2y$12$Yp.E5yY5zYj9u7maPKBMnOeG0wxfVkizaot65mL1wNkXWZrKPS1ka',NULL,'2024-12-11 14:04:33','2024-12-11 14:04:33'),(98,'user',1,'Awel','Shongola','Tura','SPHMMC','FELTP graduate ','male',17,'1',2,3,2,17,'0977952398',17,'yes','awel2ra@gmail.com',NULL,'$2y$12$Ih6zzzNUIHlLK6hhpRERxencLIdV2SCSpLYFqBnJaveDIJNjQ7EJG',NULL,'2024-12-12 12:53:54','2024-12-12 12:53:54'),(99,'user',1,'Eshetu','Aligaz','Tadesse','Independent ','Consultant','male',17,'1',3,4,12,17,'911649071',17,'yes','eshetuu38@gmail.com',NULL,'$2y$12$a8T/.S4O4/UVACjPFmTHDOaZC9K.2c/yl5/MEjHjuhyVr4c7UkuZe',NULL,'2024-12-12 14:17:00','2024-12-12 14:17:00'),(100,'user',1,'Getahun','Gemechu','Beyene ','Sebata sub - city health office','Public health emergency management','male',17,'1',1,3,8,17,'0912855854',17,'yes','getahunbeyene1@gmail.com',NULL,'$2y$12$fVps/JUVik1FOAyvPwrVOOoWRcKouRyJWBuNFAEH5mf/AyjnTrR5W',NULL,'2024-12-12 18:45:40','2024-12-12 18:45:40'),(101,'user',4,'Tatek','Bogale','Anbessie ','AFENET ','RTC','male',17,'1',3,4,7,17,'912159683',17,'yes','btatek@afenet.net',NULL,'$2y$12$HW.LYjUeyz3qctr6.cJKMOCo1U2brFExGf6rVIzuhVtu7iVMTNfCC',NULL,'2024-12-13 14:43:57','2024-12-13 14:43:57'),(102,'Fami M.',1,'FAMI','ABDO','MOHAMMED','Haramaya University ','Student ','male',17,'1',2,3,3,17,'0915940918',17,'yes','fahmimayaa@gmail.com',NULL,'$2y$12$WJI5QVG.KUlQIWRJqHb8E.Ualh8/ZlLtzJxZvMt5O0.HfX6L/MVsK','wtxNOjkdfpCLs2QmocwQzjzIA2Llv156pZd86Xvj9ZjTBXWVo0rSTPWXXJX8','2024-12-13 20:12:14','2024-12-15 14:47:23'),(103,'user',4,'stephane','carlevato',NULL,'UNWFP','regional medical officer','male',71,'1',3,4,13,24,'713811927',24,'yes','stephane.carlevato@wfp.org',NULL,'$2y$12$HNWEIMyjfnhemDc6ae124.DTG8QHCRR/mUMBnqHGrGrtVMlb9h4kq',NULL,'2024-12-13 20:36:39','2024-12-13 20:36:39'),(104,'user',1,'Yohannes ','Bame ','Bardimo','Hawasa university','Field Epidemiology Resident','male',17,'1',2,3,13,17,'0926172346',17,'yes','jobardi84@gmail.com',NULL,'$2y$12$tRdre1U59KPmY7cTxCqcEeJSeKGLfP6.XWagEpJVSsQL8TGpIOAOO','K3wlNYIAaMQKItbPkVMR9HDcc8t1xgqsN6bohghxDJThpTcm6P4wxoufVl5b','2024-12-14 14:56:50','2024-12-14 14:56:50'),(105,'Surafel Fikadu',1,'Surafel','Fikadu','Ayele','University ','Lecturer','male',17,'1',6,2,12,17,'924118020',17,'yes','surafelfikadu2009@gmail.com',NULL,'$2y$12$vZaWsMHfIGBZX1EF2eSgrunxoAB4MQpinxlQfI7VuvIONOjKHNK12','Ybki3s8l24EUj389hPMMK4TKcTKGYMYGdTUpdQhSvGruKnpLxO6pdq0aHBcO','2024-12-14 20:04:25','2024-12-25 11:59:40'),(106,'user',1,'Kedir','Mahamud','Ali','Afar Public Health Institute ','Research Director ','male',17,'1',6,3,3,17,'0921548767',17,'yes','qalikadir420@gmail.com',NULL,'$2y$12$y7bC3zCBpvKcHJ94JD7D2umRjMobegjeClhoMe0ljJLWgrn.N1mjq','DabQ3GXgO5KgRxIPuAIwrorZ07nqlVZe4fKk9KadvSlosVBqtEYTAwVzcXkX','2024-12-14 21:21:13','2024-12-14 21:21:13'),(107,'user',1,'Tewachew Awoke','Dejenie',NULL,'Bahir Dar University','Lecturer','male',17,'1',6,2,12,17,'0918149901',17,'yes','tewaslike@gmail.com',NULL,'$2y$12$MLtPN3U6ajBMVQq38rpuw.m1Y8wb741mvqHFadAThFazDKSlloRtK',NULL,'2024-12-15 14:28:29','2024-12-15 14:28:29'),(108,'Nigus',1,'Nigus','Goshim',NULL,'Saint Paul Hospital Millenium Medical College','FETP Graduate','male',17,'1',1,3,10,17,'0920219705',17,'yes','nigusgoshim2@gmail.com',NULL,'$2y$12$/Sl2WGG4FKN0DePvLdpMF.GeeOPZT4wDvRyzUKaSuZDgwdT0NA1u2','qlXVIG4pXyQ1nWJflRIkXEXiRiVp5lS16Wslndh3TUx4OqRK1y9WQeneyG93','2024-12-15 16:58:01','2024-12-15 17:28:56'),(109,'user',1,'Semalignnegusse','Yohannes','Ligiso','Hawassa University','Field Epidemiology Graduate','male',17,'1',1,3,13,17,'0916053426',17,'yes','semuyohan@gmail.com',NULL,'$2y$12$572vIWbk1O07sY4Wcae5HeWDyi7GEsXUD0PQ6ouUKSJYHh1rYNS.e',NULL,'2024-12-15 20:03:28','2024-12-15 20:03:28'),(110,'user',1,'Nouwaly','KONE','Waly','Direction Régionale de la Santé','Point Focal Une Seule Santé','male',29,'1',1,2,13,29,'00223 70230020',29,'yes','waly188kone@gmail.com',NULL,'$2y$12$DAjfjLoxvWcI6LGOdChPbeoETi2R2jJYzsy8WFP.Hgg6sS3mcL0Ky',NULL,'2024-12-16 13:00:30','2024-12-16 13:00:30'),(111,'Awel Tura',1,'Awel','Shongola','Tura','Government','PHEM officer','male',17,'1',5,3,3,17,'0977952398',17,'yes','turaawel@yahoo.com',NULL,'$2y$12$plUQHRevS.k7eP5t87D9w.5PZCCMBumxvJpzrNegirKMIQBfUAPDO',NULL,'2024-12-16 13:17:40','2024-12-16 14:00:31'),(112,'user',1,'Wake','Lemma','Abebe','Adama PHRRLC','Lab Manager','male',17,'1',1,3,2,17,'911313925',17,'yes','wakelemma2022@gmail.com',NULL,'$2y$12$FyCmsKUwa9yTwWaJPS/CGepJiWousCkSi1hSLyRdeCkiEzqpfT2yC',NULL,'2024-12-16 14:14:27','2024-12-16 14:14:27'),(113,'user',4,'Mathewos ','Weldekirkos','Moges','Hawassa University','Assistant professor','male',17,'1',5,1,9,17,'911957424',17,'yes','moges.mathewos@yahoo.com',NULL,'$2y$12$HRONU54.QudySGeOHnrXiuCtF3cQ131LyWfS0ZAQ9/rHf3lSpw0ha',NULL,'2024-12-18 07:48:29','2024-12-18 07:48:29'),(114,'user',1,'Kedir ','Bamedo ','Geda ','Sheshamane Comprehensive Specialized Hospital ','Public Health Emergency Management Officer ','male',17,'1',2,3,13,17,'0910001161',17,'yes','kgeda31@gmail.com',NULL,'$2y$12$mgch4Z81g5N6XA5jMz1ynuETgemY0rPxmlu0UdTp6rWeFFvoIuaC2',NULL,'2024-12-18 08:50:36','2024-12-18 08:50:36'),(115,'user',1,'Alemayehu','Kifle','Abebe','DHMD','Epidemiologist','male',17,'1',1,3,3,17,'905093891',17,'yes','alexabe1977@gmail.com',NULL,'$2y$12$RSVLXXdyNNwZ7qgDyYkY.eC27/o8ZfVXU66LLTx7EBnYdQMmS6GzC',NULL,'2024-12-18 19:58:59','2024-12-18 19:58:59'),(116,'user',1,'Chalachew Yenew','Dinku','Yenew','Debre Tabor Univesrity','Lecturer','male',17,'1',6,4,12,17,'945563008',17,'yes','chalachewyenew50@gmail.com',NULL,'$2y$12$SKeizOWw9oLh7m/7bdRbZeMCri0t7FTNWJ6K9XYdjMi29Lz4Rjr/i','P1ROK7a9XEtU8F5tSDbZwNIWWiSECXqDndLRB4W295umeIKBAWM8H5XWmj7B','2024-12-19 20:11:44','2024-12-19 20:11:44'),(117,'user',1,'Tesfaye ','Weldemarium','Dagne','Ethiopian Public Health Institute','Researcher','male',17,'1',6,4,11,17,'913447032',17,'yes','tesfayedagne6@gmail.com',NULL,'$2y$12$diAPjjGVr6eeMxmkBT5NmO/ZA.q9pBCqoTmSAKBM5EqRWxNRaPDkK',NULL,'2024-12-20 12:12:58','2024-12-20 12:12:58'),(118,'user',2,'Hiwot','Bizuayehu','Yigzaw','London School of Hygiene And Tropical Medicine','PhD student','female',17,'1',3,4,2,17,'911885895',17,'yes','HIWOT.BIZUAYEHU@LSHTM.AC.UK',NULL,'$2y$12$GHVFcSqdDmpcXjReALyWuecFR27YpWvOyfDHr98cfPGXOZG2uP/kK',NULL,'2024-12-20 13:59:07','2024-12-20 13:59:07'),(119,'user',3,'Annette','Chesir','Maya','MOH','K-FELTP Resident','female',24,'1',2,3,12,24,'0707477801',24,'yes','chesir.annatte@gmail.com',NULL,'$2y$12$li2ycovNs17W6GmOJgFVp.eL6sXxIUI4UQ0IYDnotcmavhKxRqlUq',NULL,'2024-12-20 19:16:53','2024-12-20 19:16:53'),(120,'user',4,'Julie','Nanyongo Nganje',NULL,'Africa CDC','EBS Analyst','female',6,'1',3,4,3,17,'+251910118026',17,'yes','julie.nganje@gmail.com',NULL,'$2y$12$wgPdoQIlrXtjVmoPs5HxDObQAgl91rqOTB8dLdHxbPOLfFAVKIYfm',NULL,'2024-12-22 22:41:17','2024-12-22 22:41:17'),(121,'user',4,'David','Schnabel',NULL,'CDC-Ethiopia','Reviewer','male',17,'17',3,4,2,17,'111111111',17,'no','xdh2@cdc.gov',NULL,'$2y$12$Xe3gvdugvKbBqT4ZODsNROAz0aSAS1i2yJC5K4mBOAqBUxTttAQvW',NULL,'2024-11-11 07:30:36','2024-11-11 07:30:36'),(122,'user',4,'Enyew','Tadesse',NULL,'CDC-Ethiopia','Reviewer','male',17,'17',1,4,2,17,'913392090',17,'no','swt0@cdc.gov',NULL,'$2y$12$Xe3gvdugvKbBqT4ZODsNROAz0aSAS1i2yJC5K4mBOAqBUxTttAQvW',NULL,'2024-11-06 12:14:02','2024-11-06 12:14:02'),(123,'user',4,'Julie','Harris',NULL,'CDC-Atlanta','Reviewer','male',17,'17',3,4,2,17,'111111111',17,'no','ggt5@cdc.gov',NULL,'$2y$12$Xe3gvdugvKbBqT4ZODsNROAz0aSAS1i2yJC5K4mBOAqBUxTttAQvW',NULL,'2024-11-11 17:38:16','2024-11-11 17:38:16'),(126,'user',4,'Ismael','Ahmed','Yimer','CDC-Ethiopia','Reviewer','male',17,'17',3,4,2,17,'111111111',17,'no','xxa4@cdc.gov',NULL,'$2y$12$Xe3gvdugvKbBqT4ZODsNROAz0aSAS1i2yJC5K4mBOAqBUxTttAQvW',NULL,'2024-12-10 09:31:09','2024-12-10 09:31:09'),(131,'user',4,'Abadit','Nigusse',NULL,'MOH-Ethiopia','Reviewer','male',17,'17',3,4,2,17,'913351421',17,'no','abaditniguse@gmail.com',NULL,'$2y$12$Xe3gvdugvKbBqT4ZODsNROAz0aSAS1i2yJC5K4mBOAqBUxTttAQvW',NULL,'2024-12-15 09:31:09','2024-12-15 09:31:09'),(132,'user',4,'Habtamu','Yimer',NULL,'MoH-Ethiopia','Reviewer','male',17,'17',3,4,2,17,'942788385',17,'no','habtamu.yimer@moh.gov.et',NULL,'$2y$12$Xe3gvdugvKbBqT4ZODsNROAz0aSAS1i2yJC5K4mBOAqBUxTttAQvW','vmBP3zorwFt41Ttomy4UEEyNtRxOJndiauSzNraD4E1mN7Jax8ymGeDewSvl','2024-12-16 09:31:09','2024-12-16 09:31:09'),(134,'user',4,'Tsegaye','Gebreezgiaber',NULL,'MoH-Ethiopia','Reviewer','male',17,'17',3,4,2,17,'920344622',17,'no','tsegay412@gmail.com',NULL,'$2y$12$Xe3gvdugvKbBqT4ZODsNROAz0aSAS1i2yJC5K4mBOAqBUxTttAQvW','fzXnw9sKYVkOXWwJwW78nYChxuUG9prtfWGc2mLSQaixcAD1nVX7pBQesM4L','2024-12-18 09:31:09','2024-12-18 09:31:09'),(135,'user',4,'Mohammed','Teni',NULL,'MoH-Ethiopia','Reviewer','male',17,'17',3,4,2,17,'912086910',17,'no','negashm6@gmail.com',NULL,'$2y$12$Xe3gvdugvKbBqT4ZODsNROAz0aSAS1i2yJC5K4mBOAqBUxTttAQvW','netRvgswAAXRvZRAUDGkxHDPXBwUXPUwDgoyqwclbKx79pdSoNJ8TxUPcEZg','2024-12-19 09:31:09','2024-12-19 09:31:09'),(136,'user',4,'Aregawi','Gebreyesus',NULL,'Mekele University','Reviewer','male',17,'17',3,4,2,17,'919306633',17,'no','aregawi.belay@mu.edu.et',NULL,'$2y$12$Xe3gvdugvKbBqT4ZODsNROAz0aSAS1i2yJC5K4mBOAqBUxTttAQvW','ndKtz39q6X3uoL9UspQaYU1P9ag5tuM3qV5nPtU6acHLOPlannZIfbbiLLBF','2024-12-20 09:31:09','2024-12-20 09:31:09'),(137,'user',4,'Desalegn','Massa',NULL,'Mekele University','Reviewer','male',17,'17',3,4,2,17,'913362525',17,'no','desalegnmassa@gmail.com',NULL,'$2y$12$Xe3gvdugvKbBqT4ZODsNROAz0aSAS1i2yJC5K4mBOAqBUxTttAQvW',NULL,'2024-12-21 09:31:09','2024-12-21 09:31:09'),(138,'user',4,'Kidanu','Gebremariam',NULL,'Mekele University','Reviewer','male',17,'17',3,4,2,17,'910114598',17,'no','kidanumeles2008@gmail.com',NULL,'$2y$12$Xe3gvdugvKbBqT4ZODsNROAz0aSAS1i2yJC5K4mBOAqBUxTttAQvW',NULL,'2024-12-22 09:31:09','2024-12-22 09:31:09'),(139,'user',4,'Dawit','Zenebe',NULL,'Mekele University','Reviewer','male',17,'17',3,4,2,17,'935664646',17,'no','dawitzemichael12@gmail.com',NULL,'$2y$12$Xe3gvdugvKbBqT4ZODsNROAz0aSAS1i2yJC5K4mBOAqBUxTttAQvW',NULL,'2024-12-23 09:31:09','2024-12-23 09:31:09'),(140,'user',4,'Mesfin','Yimer',NULL,'Mekele University','Reviewer','male',17,'17',3,4,2,17,'965127587',17,'no','mesmafi13@gmail.com',NULL,'$2y$12$Xe3gvdugvKbBqT4ZODsNROAz0aSAS1i2yJC5K4mBOAqBUxTttAQvW','PqI1wNnOhResflDiVgZcl0nZjK5Xt2oiESHCO6tZuqwKCRYK20zZ26xckott','2024-12-24 09:31:09','2024-12-24 09:31:09'),(141,'user',4,'Mamo','Nigatu',NULL,'Jimma University','Reviewer','male',17,'17',3,4,2,17,'911996242',17,'no','mamogebre14@gmail.com',NULL,'$2y$12$Xe3gvdugvKbBqT4ZODsNROAz0aSAS1i2yJC5K4mBOAqBUxTttAQvW',NULL,'2024-12-25 09:31:09','2024-12-25 09:31:09'),(142,'user',4,'Hailu','Merga',NULL,'Jimma University','Reviewer','male',17,'17',3,4,2,17,'910648439',17,'no','hailu.merga2014@gmail.com',NULL,'$2y$12$Xe3gvdugvKbBqT4ZODsNROAz0aSAS1i2yJC5K4mBOAqBUxTttAQvW',NULL,'2024-12-26 09:31:09','2024-12-26 09:31:09'),(143,'user',4,'Guta','Kune',NULL,'Jimma University','Reviewer','male',17,'17',3,4,2,17,'984775073',17,'no','gutakune12@gmail.com',NULL,'$2y$12$Xe3gvdugvKbBqT4ZODsNROAz0aSAS1i2yJC5K4mBOAqBUxTttAQvW','vLE1Emmb87XB2qEp0N6n2G7ajMLAJOsq3wngtBIM2vS4ygE5jveLCM2lEqB7','2024-12-27 09:31:09','2024-12-27 09:31:09'),(144,'user',4,'Gemechu','Chemeda',NULL,'Jimma University','Reviewer','male',17,'17',3,4,2,17,'912748448',17,'no','Gemechu219@gmail.com',NULL,'$2y$12$Xe3gvdugvKbBqT4ZODsNROAz0aSAS1i2yJC5K4mBOAqBUxTttAQvW',NULL,'2024-12-28 09:31:09','2024-12-28 09:31:09'),(145,'user',4,'Abraham','Lomboro',NULL,'Jimma University','Reviewer','male',17,'17',3,4,2,17,'920991831',17,'no','abrish4466@gmail.com',NULL,'$2y$12$Xe3gvdugvKbBqT4ZODsNROAz0aSAS1i2yJC5K4mBOAqBUxTttAQvW',NULL,'2024-12-29 09:31:09','2024-12-29 09:31:09'),(147,'user',4,'Prof.','Wakgari','Deresse','AAU','Reviewer','male',17,'17',3,4,2,17,'911483714',17,'no','deressaw@gmail.com',NULL,'$2y$12$Xe3gvdugvKbBqT4ZODsNROAz0aSAS1i2yJC5K4mBOAqBUxTttAQvW',NULL,'2024-12-31 09:31:09','2024-12-31 09:31:09'),(148,'user',4,'Abigiya','Wondemagenehu',NULL,'AAU','Reviewer','male',17,'17',3,4,2,17,'913955333',17,'no','abitowon@gmail.com',NULL,'$2y$12$Xe3gvdugvKbBqT4ZODsNROAz0aSAS1i2yJC5K4mBOAqBUxTttAQvW','sSVzSAK8vW55tYBKancKaFSGWqi2RRsWRMcUUG90ug6jV96RB0UNXoH1juDR','2025-01-01 09:31:09','2025-01-01 09:31:09'),(149,'user',4,'Abdulnasir','Abagero',NULL,'AAU','Reviewer','male',17,'17',3,4,2,17,'911806475',17,'no','adlnsr@yahoo.com',NULL,'$2y$12$Xe3gvdugvKbBqT4ZODsNROAz0aSAS1i2yJC5K4mBOAqBUxTttAQvW',NULL,'2025-01-02 09:31:09','2025-01-02 09:31:09'),(150,'user',4,'Kebadnew','Mulatu',NULL,'Bahir Dar University','Reviewer','male',17,'17',3,4,2,17,'924491976',17,'no','kebadmulatu@gmail.com',NULL,'$2y$12$Xe3gvdugvKbBqT4ZODsNROAz0aSAS1i2yJC5K4mBOAqBUxTttAQvW','mvpbXupPCBzfMbpcBqEyro15TmztOt9gOOazPAJOnP9pMvK67igSDukiLAag','2025-01-03 09:31:09','2025-01-03 09:31:09'),(151,'user',4,'Zelalem','Alamrew',NULL,'Bahir Dar University','Reviewer','male',17,'17',3,4,2,17,'912172292',17,'no','kzolam@gmail.com',NULL,'$2y$12$Xe3gvdugvKbBqT4ZODsNROAz0aSAS1i2yJC5K4mBOAqBUxTttAQvW',NULL,'2025-01-04 09:31:09','2025-01-04 09:31:09'),(152,'user',4,'Dr.Kindie','Fentahun',NULL,'Bahir Dar University','Reviewer','male',17,'17',3,4,2,17,'928436726',17,'no','mkindief@gmail.com',NULL,'$2y$12$Xe3gvdugvKbBqT4ZODsNROAz0aSAS1i2yJC5K4mBOAqBUxTttAQvW','3ykLzLSUZ8zwlRmUrxTEZaXae6mCwQxauaFNOPn91a1OypPYasS2gjWBolbS','2025-01-05 09:31:09','2025-01-05 09:31:09'),(153,'user',4,'Abebayehu','Bitew',NULL,'Bahir Dar University','Reviewer','male',17,'17',3,4,2,17,'921528949',17,'no','abebayehubitew@gmail.com',NULL,'$2y$12$Xe3gvdugvKbBqT4ZODsNROAz0aSAS1i2yJC5K4mBOAqBUxTttAQvW','gnUuUrplZQ3HxK2lkcYjF34ztXJkmVJylzHUgXRR9II5SJxhcvE3r9Jn8xwd','2025-01-06 09:31:09','2025-01-06 09:31:09'),(154,'user',4,'Abebe','Gelew',NULL,'Bahir Dar University','Reviewer','male',17,'17',3,4,2,17,'921029994',17,'no','abebegelaw80@gmail.com',NULL,'$2y$12$Xe3gvdugvKbBqT4ZODsNROAz0aSAS1i2yJC5K4mBOAqBUxTttAQvW','sHitsc4pJSY17pIc3w9vAzQtMxYCQJC44f11Xfz4eUbwR8KXp8sQrGR9jOU9','2025-01-07 09:31:09','2025-01-07 09:31:09'),(155,'user',4,'Aman','Yesuf',NULL,'SPHMMC','Reviewer','male',17,'17',3,4,2,17,'920569262',17,'no','aman.yesuf@sphmmc.edu.et',NULL,'$2y$12$Xe3gvdugvKbBqT4ZODsNROAz0aSAS1i2yJC5K4mBOAqBUxTttAQvW',NULL,'2025-01-08 09:31:09','2025-01-08 09:31:09'),(156,'user',4,'Dr.Fufa','Hunduma',NULL,'SPHMMC','Reviewer','male',17,'17',3,4,2,17,'922956730',17,'no','fhunduma@gmail.com',NULL,'$2y$12$Xe3gvdugvKbBqT4ZODsNROAz0aSAS1i2yJC5K4mBOAqBUxTttAQvW','wojJWJYuA4RfrjTKxN0sr886HF02ORYzPdrQqLuc41FTVp4cCGxrSUHBNy14','2025-01-09 09:31:09','2025-01-09 09:31:09'),(157,'user',4,'Berhanu','Teshome',NULL,'SPHMMC','Reviewer','male',17,'17',3,4,2,17,'943306009',17,'no','berteshome19@gmail.com',NULL,'$2y$12$Xe3gvdugvKbBqT4ZODsNROAz0aSAS1i2yJC5K4mBOAqBUxTttAQvW','UXdc6ZJjVpncANE9SLo1wFlowil7AxLVvsK6OhFPD1duDhKhGQCaz8qLO8CN','2025-01-10 09:31:09','2025-01-10 09:31:09'),(158,'user',4,'Getye','Getaneh',NULL,'SPHMMC','Reviewer','male',17,'17',3,4,2,17,'923282445',17,'no','getyegetaneh23@gmail.com',NULL,'$2y$12$Xe3gvdugvKbBqT4ZODsNROAz0aSAS1i2yJC5K4mBOAqBUxTttAQvW',NULL,'2025-01-11 09:31:09','2025-01-11 09:31:09'),(159,'user',4,'Taye','Gari',NULL,'Hawassa University','Reviewer','male',17,'17',3,4,2,17,'926276598',17,'no','tayegari@ymail.com',NULL,'$2y$12$Xe3gvdugvKbBqT4ZODsNROAz0aSAS1i2yJC5K4mBOAqBUxTttAQvW','FoQJJ1jncFTcUbm7VXcIOHzaUEhMhtDNvU2Bgq9SJd6DFeDdt2RfqSr40nuZ','2025-01-12 09:31:09','2025-01-12 09:31:09'),(160,'user',4,'Berhanu','Jikamo',NULL,'Hawassa University','Reviewer','male',17,'17',3,4,2,17,'910440682',17,'no','bjikammo@gmail.com',NULL,'$2y$12$Xe3gvdugvKbBqT4ZODsNROAz0aSAS1i2yJC5K4mBOAqBUxTttAQvW',NULL,'2025-01-13 09:31:09','2025-01-13 09:31:09'),(161,'user',4,'Fanuel','Belayneh',NULL,'Hawassa University','Reviewer','male',17,'17',3,4,2,17,'927154924',17,'no','fanuelbelayneh@gmail.com',NULL,'$2y$12$Xe3gvdugvKbBqT4ZODsNROAz0aSAS1i2yJC5K4mBOAqBUxTttAQvW',NULL,'2025-01-14 09:31:09','2025-01-14 09:31:09'),(162,'user',4,'Dawit','Jember',NULL,'Hawassa University','Reviewer','male',17,'17',3,4,2,17,'912173129',17,'no','devanhijember@gmail.com',NULL,'$2y$12$Xe3gvdugvKbBqT4ZODsNROAz0aSAS1i2yJC5K4mBOAqBUxTttAQvW',NULL,'2025-01-15 09:31:09','2025-01-15 09:31:09'),(163,'user',4,'Mesfin','Melese',NULL,'Hawassa University','Reviewer','male',17,'17',3,4,2,17,'911046748',17,'no','mesfinhira@gmail.com',NULL,'$2y$12$Xe3gvdugvKbBqT4ZODsNROAz0aSAS1i2yJC5K4mBOAqBUxTttAQvW','ADVLWZjLfpbn2Dwl76EC0u7UgHbEtBtybeWUsK6LVbuCYuWComGAcLeHA29e','2025-01-16 09:31:09','2025-01-16 09:31:09'),(165,'user',4,'Yaregal','Animut',NULL,'University of Gondar','Reviewer','male',17,'17',3,4,2,17,'918312075',17,'no','yaregalae@gmail.com',NULL,'$2y$12$Xe3gvdugvKbBqT4ZODsNROAz0aSAS1i2yJC5K4mBOAqBUxTttAQvW',NULL,'2025-01-18 09:31:09','2025-01-18 09:31:09'),(166,'user',4,'Rediet','Eristu',NULL,'University of Gondar','Reviewer','male',17,'17',3,4,2,17,'111111111',17,'no','redieteristu7@gmail.com',NULL,'$2y$12$Xe3gvdugvKbBqT4ZODsNROAz0aSAS1i2yJC5K4mBOAqBUxTttAQvW',NULL,'2025-01-19 09:31:09','2025-01-19 09:31:09'),(167,'user',4,'Mesafint','Fekadu',NULL,'University of Gondar','Reviewer','male',17,'17',3,4,2,17,'918037352',17,'no','mesaykira@gmail.com',NULL,'$2y$12$Xe3gvdugvKbBqT4ZODsNROAz0aSAS1i2yJC5K4mBOAqBUxTttAQvW','t8Je6ioRUilMk1N7Y8CLmo2t58ZiBDsiuoCmI01qqswW2YKfSPoa1fx9D4MO','2025-01-20 09:31:09','2025-01-20 09:31:09'),(168,'user',4,'Abebe','Tolera',NULL,'Haramaya University','Reviewer','male',17,'17',3,4,2,17,'920538067',17,'no','komiintolera@gmail.com',NULL,'$2y$12$Xe3gvdugvKbBqT4ZODsNROAz0aSAS1i2yJC5K4mBOAqBUxTttAQvW',NULL,'2025-01-21 09:31:09','2025-01-21 09:31:09'),(169,'user',4,'Hussen','Mohamed',NULL,'Haramaya University','Reviewer','male',17,'17',3,4,2,17,'937842962',17,'no','hmg.iftooma@gmail.com',NULL,'$2y$12$Xe3gvdugvKbBqT4ZODsNROAz0aSAS1i2yJC5K4mBOAqBUxTttAQvW',NULL,'2025-01-22 09:31:09','2025-01-22 09:31:09'),(170,'user',4,'Hassen','Abdi',NULL,'Haramaya University','Reviewer','male',17,'17',3,4,2,17,'111111111',17,'no','hassenabdiadem32@gmail.com',NULL,'$2y$12$Xe3gvdugvKbBqT4ZODsNROAz0aSAS1i2yJC5K4mBOAqBUxTttAQvW',NULL,'2025-01-23 09:31:09','2025-01-23 09:31:09'),(171,'user',4,'Adisu','Berhanu',NULL,'Haramaya University','Reviewer','male',17,'17',3,4,2,17,'931272089',17,'no','adisuebi2009@gmail.com',NULL,'$2y$12$Xe3gvdugvKbBqT4ZODsNROAz0aSAS1i2yJC5K4mBOAqBUxTttAQvW',NULL,'2025-01-24 09:31:09','2025-01-24 09:31:09'),(172,'user',4,'Asefa','Tola',NULL,'Haramaya University','Reviewer','male',17,'17',3,4,2,17,'913540859',17,'no','asseharar91@gmail.com',NULL,'$2y$12$Xe3gvdugvKbBqT4ZODsNROAz0aSAS1i2yJC5K4mBOAqBUxTttAQvW','E8TXTXwsmhLLgd9F4OxKpeqc7juWX0RN9rPBt9B0022BuYlZVqG7LlEZ6pK1','2025-01-25 09:31:09','2025-01-25 09:31:09'),(173,'user',4,'Lemma','Demisse',NULL,'Haramaya University','Reviewer','male',17,'17',3,4,2,17,'913939856',17,'no','esraeldemiss@gmail.com',NULL,'$2y$12$Xe3gvdugvKbBqT4ZODsNROAz0aSAS1i2yJC5K4mBOAqBUxTttAQvW','3M2L15oSRC0KeTcDhMNT5FBDalph85rIOHVn0SfdHz29Zki4fRbfLGoAnWeQ','2025-01-26 09:31:09','2025-01-26 09:31:09'),(174,'user',4,'Lemma','Bogale',NULL,'Haramaya University','Reviewer','male',17,'17',3,4,2,17,'912922712',17,'no','lemabogale@gmail.com',NULL,'$2y$12$Xe3gvdugvKbBqT4ZODsNROAz0aSAS1i2yJC5K4mBOAqBUxTttAQvW','Esrsx2gC4W4ZPHeNmPCPgVBSqnb8aVxMbw8HYYrMTSnNq64l9VPo4JdBwB4G','2025-01-27 09:31:09','2025-01-27 09:31:09'),(175,'user',4,'Eptisam','Mohammed',NULL,'Haramaya University','Reviewer','male',17,'17',3,4,2,17,'911385704',17,'no','eptisam.mohammed2022@gmail.com',NULL,'$2y$12$Xe3gvdugvKbBqT4ZODsNROAz0aSAS1i2yJC5K4mBOAqBUxTttAQvW','flyR9kSVGxCYAU8Isyef6AXUsWUZTBMpjDiSNnhSoWLSo6ouHpQoQH12quqD','2025-01-28 09:31:09','2025-01-28 09:31:09');

--
-- Table structure for table `workshops`
--

CREATE TABLE `workshops` (
  `id` bigint unsigned NOT NULL AUTO_INCREMENT,
  `name` varchar(255) COLLATE utf8mb4_unicode_ci NOT NULL,
  `details` text COLLATE utf8mb4_unicode_ci NOT NULL,
  `created_at` timestamp NULL DEFAULT NULL,
  `updated_at` timestamp NULL DEFAULT NULL,
  PRIMARY KEY (`id`)
) ENGINE=InnoDB AUTO_INCREMENT=14 DEFAULT CHARSET=utf8mb4 COLLATE=utf8mb4_unicode_ci;

--
-- Dumping data for table `workshops`
--

INSERT INTO `workshops` VALUES (2,'N/A','<p>Not Applicable</p>','2024-11-04 04:12:42','2024-11-04 04:12:42'),(3,'7-1-7 A for early detection & response','<p>Training on 7-1-7 Planning and Implementation for Timely Detection, Notification and Response to Outbreaks</p>','2024-11-04 04:13:37','2024-11-16 07:52:38'),(5,'FETP Quality Assurance: Accreditation/AFENET Star Rating System/REDPETT ','<p>FETP Quality Assurance: Accreditation/AFENET Star Rating System/REDPETT&nbsp;</p>','2024-11-04 04:14:07','2024-11-04 04:14:07'),(7,'Toxicological Outbreak Investigation','<ul><li><strong><em>Toxicological Outbreak Investigation</em></strong></li></ul><p><br></p>','2024-11-16 07:50:54','2024-11-16 07:50:54'),(8,'Residents Driven Project Tracking Tool (ReDPETT)','<ul><li><strong><em>Residents Driven Project Tracking Tool (ReDPETT)</em></strong></li></ul><p><br></p>','2024-11-16 07:51:58','2024-11-16 07:51:58'),(9,'Food Safety','<ul><li><strong><em>Food Safety</em></strong></li></ul><p><br></p>','2024-11-16 07:52:20','2024-11-16 07:52:20'),(10,'Mental Health Surveillance Systems','<p><strong><em>Mental Health Surveillance Systems</em></strong>&nbsp;</p>','2024-11-16 07:53:05','2024-11-16 07:53:05'),(11,'Climate Change and Health (Planetary Health)','<ul><li><strong><em>Climate Change and Health (Planetary Health)</em></strong></li></ul><p><br></p>','2024-11-16 07:53:32','2024-11-16 07:53:32'),(12,'Antimicrobial resistance (AMR)','<ul><li><strong><em>Antimicrobial resistance (AMR)</em></strong></li></ul><p><br></p>','2024-11-16 07:54:01','2024-11-16 07:54:01'),(13,'One Health','<p><strong><em>One Health</em></strong>&nbsp;</p>','2024-11-16 07:54:17','2024-11-16 07:54:17');


